{"id":2198,"date":"2019-09-03T14:18:47","date_gmt":"2019-09-03T18:18:47","guid":{"rendered":"http:\/\/neuroid.uprrp.edu\/?page_id=2198"},"modified":"2023-10-19T16:12:40","modified_gmt":"2023-10-19T20:12:40","slug":"class-2019-2021","status":"publish","type":"page","link":"https:\/\/neuroid.uprrp.edu\/index.php\/members\/students\/class-2019-2021\/","title":{"rendered":"Class 2019"},"content":{"rendered":"\n<div class=\"wp-block-columns is-layout-flex wp-container-core-columns-is-layout-28f84493 wp-block-columns-is-layout-flex\">\n<div class=\"wp-block-column is-layout-flow wp-block-column-is-layout-flow\">\n<figure class=\"wp-block-image aligncenter size-large is-resized is-style-default\"><img decoding=\"async\" width=\"215\" height=\"215\" src=\"https:\/\/neuroid.uprrp.edu\/wp-content\/uploads\/2021\/06\/Screen-Shot-2020-12-16-at-2.52.20-PM-2-edited.png\" alt=\"\" class=\"wp-image-5072\" srcset=\"https:\/\/neuroid.uprrp.edu\/wp-content\/uploads\/2021\/06\/Screen-Shot-2020-12-16-at-2.52.20-PM-2-edited.png 215w, https:\/\/neuroid.uprrp.edu\/wp-content\/uploads\/2021\/06\/Screen-Shot-2020-12-16-at-2.52.20-PM-2-edited-150x150.png 150w, https:\/\/neuroid.uprrp.edu\/wp-content\/uploads\/2021\/06\/Screen-Shot-2020-12-16-at-2.52.20-PM-2-edited-45x45.png 45w\" sizes=\"(max-width: 215px) 100vw, 215px\" \/><\/figure>\n\n\n\n<h3 class=\"wp-block-heading has-text-align-center has-medium-font-size\">Stephanie Cruz<\/h3>\n<\/div>\n\n\n\n<div class=\"wp-block-column is-layout-flow wp-block-column-is-layout-flow\">\n<figure class=\"wp-block-image aligncenter size-large is-resized is-style-default\"><img fetchpriority=\"high\" decoding=\"async\" width=\"2557\" height=\"2560\" src=\"https:\/\/neuroid.uprrp.edu\/wp-content\/uploads\/2021\/06\/IMG-5977-edited-scaled.jpg\" alt=\"\" class=\"wp-image-5073\" srcset=\"https:\/\/neuroid.uprrp.edu\/wp-content\/uploads\/2021\/06\/IMG-5977-edited-scaled.jpg 2557w, https:\/\/neuroid.uprrp.edu\/wp-content\/uploads\/2021\/06\/IMG-5977-edited-300x300.jpg 300w, https:\/\/neuroid.uprrp.edu\/wp-content\/uploads\/2021\/06\/IMG-5977-edited-1024x1024.jpg 1024w, https:\/\/neuroid.uprrp.edu\/wp-content\/uploads\/2021\/06\/IMG-5977-edited-150x150.jpg 150w, https:\/\/neuroid.uprrp.edu\/wp-content\/uploads\/2021\/06\/IMG-5977-edited-768x769.jpg 768w, https:\/\/neuroid.uprrp.edu\/wp-content\/uploads\/2021\/06\/IMG-5977-edited-1534x1536.jpg 1534w, https:\/\/neuroid.uprrp.edu\/wp-content\/uploads\/2021\/06\/IMG-5977-edited-2045x2048.jpg 2045w, https:\/\/neuroid.uprrp.edu\/wp-content\/uploads\/2021\/06\/IMG-5977-edited-45x45.jpg 45w\" sizes=\"(max-width: 2557px) 100vw, 2557px\" \/><\/figure>\n\n\n\n<h3 class=\"wp-block-heading has-text-align-center has-medium-font-size\">Andrea Edwards <\/h3>\n<\/div>\n\n\n\n<div class=\"wp-block-column is-layout-flow wp-block-column-is-layout-flow\">\n<figure class=\"wp-block-image aligncenter size-large is-resized is-style-default\"><img decoding=\"async\" width=\"293\" height=\"293\" src=\"https:\/\/neuroid.uprrp.edu\/wp-content\/uploads\/2021\/06\/Screen-Shot-2021-06-04-at-10.49.05-AM-edited.png\" alt=\"\" class=\"wp-image-5074\" srcset=\"https:\/\/neuroid.uprrp.edu\/wp-content\/uploads\/2021\/06\/Screen-Shot-2021-06-04-at-10.49.05-AM-edited.png 293w, https:\/\/neuroid.uprrp.edu\/wp-content\/uploads\/2021\/06\/Screen-Shot-2021-06-04-at-10.49.05-AM-edited-150x150.png 150w, https:\/\/neuroid.uprrp.edu\/wp-content\/uploads\/2021\/06\/Screen-Shot-2021-06-04-at-10.49.05-AM-edited-45x45.png 45w\" sizes=\"(max-width: 293px) 100vw, 293px\" \/><\/figure>\n\n\n\n<h3 class=\"wp-block-heading has-text-align-center has-medium-font-size\">Ra\u00fal Garc\u00eda <\/h3>\n<\/div>\n\n\n\n<div class=\"wp-block-column is-layout-flow wp-block-column-is-layout-flow\">\n<figure class=\"wp-block-image aligncenter size-large is-resized is-style-default\"><img loading=\"lazy\" decoding=\"async\" width=\"1024\" height=\"1024\" src=\"https:\/\/neuroid.uprrp.edu\/wp-content\/uploads\/2021\/06\/IMG-5959-edited-1024x1024.jpg\" alt=\"\" class=\"wp-image-5069\" srcset=\"https:\/\/neuroid.uprrp.edu\/wp-content\/uploads\/2021\/06\/IMG-5959-edited-1024x1024.jpg 1024w, https:\/\/neuroid.uprrp.edu\/wp-content\/uploads\/2021\/06\/IMG-5959-edited-300x300.jpg 300w, https:\/\/neuroid.uprrp.edu\/wp-content\/uploads\/2021\/06\/IMG-5959-edited-150x150.jpg 150w, https:\/\/neuroid.uprrp.edu\/wp-content\/uploads\/2021\/06\/IMG-5959-edited-768x769.jpg 768w, https:\/\/neuroid.uprrp.edu\/wp-content\/uploads\/2021\/06\/IMG-5959-edited-1534x1536.jpg 1534w, https:\/\/neuroid.uprrp.edu\/wp-content\/uploads\/2021\/06\/IMG-5959-edited-45x45.jpg 45w\" sizes=\"(max-width: 1024px) 100vw, 1024px\" \/><\/figure>\n\n\n\n<h3 class=\"wp-block-heading has-text-align-center has-medium-font-size\">Jaysen Lara<\/h3>\n<\/div>\n<\/div>\n\n\n\n<div class=\"wp-block-columns is-layout-flex wp-container-core-columns-is-layout-28f84493 wp-block-columns-is-layout-flex\">\n<div class=\"wp-block-column is-layout-flow wp-block-column-is-layout-flow\">\n<figure class=\"wp-block-image aligncenter size-large is-resized is-style-default\"><img loading=\"lazy\" decoding=\"async\" width=\"293\" height=\"293\" src=\"https:\/\/neuroid.uprrp.edu\/wp-content\/uploads\/2021\/06\/Screen-Shot-2021-06-04-at-11.06.01-AM-edited.png\" alt=\"\" class=\"wp-image-5078\" srcset=\"https:\/\/neuroid.uprrp.edu\/wp-content\/uploads\/2021\/06\/Screen-Shot-2021-06-04-at-11.06.01-AM-edited.png 293w, https:\/\/neuroid.uprrp.edu\/wp-content\/uploads\/2021\/06\/Screen-Shot-2021-06-04-at-11.06.01-AM-edited-150x150.png 150w, https:\/\/neuroid.uprrp.edu\/wp-content\/uploads\/2021\/06\/Screen-Shot-2021-06-04-at-11.06.01-AM-edited-45x45.png 45w\" sizes=\"(max-width: 293px) 100vw, 293px\" \/><\/figure>\n\n\n\n<h3 class=\"wp-block-heading has-text-align-center has-medium-font-size\">Astrid Ramos<\/h3>\n<\/div>\n\n\n\n<div class=\"wp-block-column is-layout-flow wp-block-column-is-layout-flow\">\n<figure class=\"wp-block-image aligncenter size-large is-resized is-style-default\"><img loading=\"lazy\" decoding=\"async\" width=\"293\" height=\"293\" src=\"https:\/\/neuroid.uprrp.edu\/wp-content\/uploads\/2021\/06\/Screen-Shot-2021-06-04-at-11.07.47-AM-edited.png\" alt=\"\" class=\"wp-image-5080\" srcset=\"https:\/\/neuroid.uprrp.edu\/wp-content\/uploads\/2021\/06\/Screen-Shot-2021-06-04-at-11.07.47-AM-edited.png 293w, https:\/\/neuroid.uprrp.edu\/wp-content\/uploads\/2021\/06\/Screen-Shot-2021-06-04-at-11.07.47-AM-edited-150x150.png 150w, https:\/\/neuroid.uprrp.edu\/wp-content\/uploads\/2021\/06\/Screen-Shot-2021-06-04-at-11.07.47-AM-edited-45x45.png 45w\" sizes=\"(max-width: 293px) 100vw, 293px\" \/><\/figure>\n\n\n\n<h3 class=\"wp-block-heading has-text-align-center has-medium-font-size\">Carolina Dasta<\/h3>\n<\/div>\n\n\n\n<div class=\"wp-block-column is-layout-flow wp-block-column-is-layout-flow\">\n<figure class=\"wp-block-image aligncenter size-large is-resized is-style-default\"><img loading=\"lazy\" decoding=\"async\" width=\"183\" height=\"183\" src=\"https:\/\/neuroid.uprrp.edu\/wp-content\/uploads\/2021\/06\/Screen-Shot-2021-06-04-at-11.11.31-AM-edited.png\" alt=\"\" class=\"wp-image-5083\" srcset=\"https:\/\/neuroid.uprrp.edu\/wp-content\/uploads\/2021\/06\/Screen-Shot-2021-06-04-at-11.11.31-AM-edited.png 183w, https:\/\/neuroid.uprrp.edu\/wp-content\/uploads\/2021\/06\/Screen-Shot-2021-06-04-at-11.11.31-AM-edited-150x150.png 150w, https:\/\/neuroid.uprrp.edu\/wp-content\/uploads\/2021\/06\/Screen-Shot-2021-06-04-at-11.11.31-AM-edited-45x45.png 45w\" sizes=\"(max-width: 183px) 100vw, 183px\" \/><\/figure>\n\n\n\n<h3 class=\"wp-block-heading has-text-align-center has-medium-font-size\">Alberto Calder\u00f3n <\/h3>\n<\/div>\n\n\n\n<div class=\"wp-block-column is-layout-flow wp-block-column-is-layout-flow\">\n<figure class=\"wp-block-image aligncenter size-large is-resized is-style-default\"><img loading=\"lazy\" decoding=\"async\" width=\"181\" height=\"180\" src=\"https:\/\/neuroid.uprrp.edu\/wp-content\/uploads\/2021\/06\/Screen-Shot-2021-06-04-at-11.14.10-AM.png\" alt=\"\" class=\"wp-image-5085\" srcset=\"https:\/\/neuroid.uprrp.edu\/wp-content\/uploads\/2021\/06\/Screen-Shot-2021-06-04-at-11.14.10-AM.png 181w, https:\/\/neuroid.uprrp.edu\/wp-content\/uploads\/2021\/06\/Screen-Shot-2021-06-04-at-11.14.10-AM-150x150.png 150w, https:\/\/neuroid.uprrp.edu\/wp-content\/uploads\/2021\/06\/Screen-Shot-2021-06-04-at-11.14.10-AM-45x45.png 45w\" sizes=\"(max-width: 181px) 100vw, 181px\" \/><\/figure>\n\n\n\n<h3 class=\"wp-block-heading has-text-align-center has-medium-font-size\">Viviana Valent\u00edn<\/h3>\n<\/div>\n<\/div>\n\n\n\n<div style=\"height:66px\" aria-hidden=\"true\" class=\"wp-block-spacer\"><\/div>\n","protected":false},"excerpt":{"rendered":"<p>Stephanie Cruz Andrea Edwards Ra\u00fal Garc\u00eda Jaysen Lara Astrid Ramos Carolina Dasta Alberto Calder\u00f3n Viviana Valent\u00edn<\/p>\n","protected":false},"author":2,"featured_media":0,"parent":259,"menu_order":0,"comment_status":"closed","ping_status":"closed","template":"","meta":{"footnotes":""},"class_list":["post-2198","page","type-page","status-publish","hentry"],"rttpg_featured_image_url":null,"rttpg_author":{"display_name":"NeuroID Program","author_link":"https:\/\/neuroid.uprrp.edu\/index.php\/author\/neuroid\/"},"rttpg_comment":0,"rttpg_category":null,"rttpg_excerpt":"Stephanie Cruz Andrea Edwards Ra\u00fal Garc\u00eda Jaysen Lara Astrid Ramos Carolina Dasta Alberto Calder\u00f3n Viviana Valent\u00edn","_links":{"self":[{"href":"https:\/\/neuroid.uprrp.edu\/index.php\/wp-json\/wp\/v2\/pages\/2198","targetHints":{"allow":["GET"]}}],"collection":[{"href":"https:\/\/neuroid.uprrp.edu\/index.php\/wp-json\/wp\/v2\/pages"}],"about":[{"href":"https:\/\/neuroid.uprrp.edu\/index.php\/wp-json\/wp\/v2\/types\/page"}],"author":[{"embeddable":true,"href":"https:\/\/neuroid.uprrp.edu\/index.php\/wp-json\/wp\/v2\/users\/2"}],"replies":[{"embeddable":true,"href":"https:\/\/neuroid.uprrp.edu\/index.php\/wp-json\/wp\/v2\/comments?post=2198"}],"version-history":[{"count":18,"href":"https:\/\/neuroid.uprrp.edu\/index.php\/wp-json\/wp\/v2\/pages\/2198\/revisions"}],"predecessor-version":[{"id":9002,"href":"https:\/\/neuroid.uprrp.edu\/index.php\/wp-json\/wp\/v2\/pages\/2198\/revisions\/9002"}],"up":[{"embeddable":true,"href":"https:\/\/neuroid.uprrp.edu\/index.php\/wp-json\/wp\/v2\/pages\/259"}],"wp:attachment":[{"href":"https:\/\/neuroid.uprrp.edu\/index.php\/wp-json\/wp\/v2\/media?parent=2198"}],"curies":[{"name":"wp","href":"https:\/\/api.w.org\/{rel}","templated":true}]}}