{"id":5278,"date":"2021-06-07T11:49:05","date_gmt":"2021-06-07T15:49:05","guid":{"rendered":"https:\/\/neuroid.uprrp.edu\/?page_id=5278"},"modified":"2021-10-06T10:41:28","modified_gmt":"2021-10-06T14:41:28","slug":"dr-jose-e-garcia-arraras","status":"publish","type":"page","link":"https:\/\/neuroid.uprrp.edu\/index.php\/dr-jose-e-garcia-arraras\/","title":{"rendered":"Jos\u00e9 E. Garc\u00eda Arrar\u00e1s, Ph.D."},"content":{"rendered":"\n<div class=\"wp-block-cover alignfull has-background-dim-70 has-neve-link-color-background-color has-background-dim\" style=\"min-height:152px;aspect-ratio:unset;\"><img fetchpriority=\"high\" decoding=\"async\" width=\"1924\" height=\"1080\" class=\"wp-block-cover__image-background wp-image-5246\" alt=\"\" src=\"https:\/\/neuroid.uprrp.edu\/wp-content\/uploads\/2021\/06\/1647799-1.jpg\" style=\"object-position:34% 0%\" data-object-fit=\"cover\" data-object-position=\"34% 0%\" srcset=\"https:\/\/neuroid.uprrp.edu\/wp-content\/uploads\/2021\/06\/1647799-1.jpg 1924w, https:\/\/neuroid.uprrp.edu\/wp-content\/uploads\/2021\/06\/1647799-1-300x168.jpg 300w, https:\/\/neuroid.uprrp.edu\/wp-content\/uploads\/2021\/06\/1647799-1-1024x575.jpg 1024w, https:\/\/neuroid.uprrp.edu\/wp-content\/uploads\/2021\/06\/1647799-1-768x431.jpg 768w, https:\/\/neuroid.uprrp.edu\/wp-content\/uploads\/2021\/06\/1647799-1-1536x862.jpg 1536w\" sizes=\"(max-width: 1924px) 100vw, 1924px\" \/><div class=\"wp-block-cover__inner-container is-layout-flow wp-block-cover-is-layout-flow\">\n<p><\/p>\n\n\n\n<p class=\"has-text-align-center has-nv-site-bg-color has-text-color\" style=\"font-size:clamp(26.465px, 1.654rem + ((1vw - 3.2px) * 1.64), 45px);px\">Profile<\/p>\n<\/div><\/div>\n\n\n\n<div style=\"height:50px\" aria-hidden=\"true\" class=\"wp-block-spacer\"><\/div>\n\n\n\n<div class=\"wp-block-columns is-layout-flex wp-container-core-columns-is-layout-28f84493 wp-block-columns-is-layout-flex\">\n<div class=\"wp-block-column is-layout-flow wp-block-column-is-layout-flow\" style=\"flex-basis:33.33%\">\n<div class=\"wp-block-image\"><figure class=\"aligncenter size-large\"><img decoding=\"async\" width=\"421\" height=\"420\" src=\"https:\/\/neuroid.uprrp.edu\/wp-content\/uploads\/2021\/06\/Screen_Shot_2021-06-17_at_3.52.35_PM-removebg-preview-1-edited.png\" alt=\"\" class=\"wp-image-5493\" srcset=\"https:\/\/neuroid.uprrp.edu\/wp-content\/uploads\/2021\/06\/Screen_Shot_2021-06-17_at_3.52.35_PM-removebg-preview-1-edited.png 421w, https:\/\/neuroid.uprrp.edu\/wp-content\/uploads\/2021\/06\/Screen_Shot_2021-06-17_at_3.52.35_PM-removebg-preview-1-edited-300x300.png 300w, https:\/\/neuroid.uprrp.edu\/wp-content\/uploads\/2021\/06\/Screen_Shot_2021-06-17_at_3.52.35_PM-removebg-preview-1-edited-150x150.png 150w, https:\/\/neuroid.uprrp.edu\/wp-content\/uploads\/2021\/06\/Screen_Shot_2021-06-17_at_3.52.35_PM-removebg-preview-1-edited-45x45.png 45w\" sizes=\"(max-width: 421px) 100vw, 421px\" \/><\/figure><\/div>\n<\/div>\n\n\n\n<div class=\"wp-block-column is-layout-flow wp-block-column-is-layout-flow\" style=\"flex-basis:66.66%\">\n<h2 class=\"has-medium-font-size wp-block-heading\">University of Puerto Rico, R\u00edo Piedras Campus<\/h2>\n\n\n\n<p class=\"has-normal-font-size\">College of Natural Science<br>Biology<\/p>\n\n\n\n<p><strong>Biography:<\/strong> Dr. Jos\u00e9 E. Garc\u00eda-Arrar\u00e1s is a professor of the Department of Biology at the University of Puerto Rico. He is the Principal Investigator of the NeuroID Program and the director of an NIH-ENDURE (R25) grant and an NIH-BD2K (R25) grant that focus on advancing undergraduate students into careers of Neuroscience and Big Data. He ran for over 7 years the NINDS SNPR Program at UPR-RP. And also, he has participated in multiple training grants for undergraduate and graduate students via the NSF-REU, NIH MBRS and NIH-MARC programs. Dr. Jos\u00e9 Garc\u00eda\u2019s research has been funded uninterruptedly for 29years by NIH and\/or NSF. His main focus is the study of regenerative biology, using the model system presented in his proposal, which was pioneered in his laboratory. The long term goals of Dr. Garc\u00eda studies are to decode the cellular and molecular basis of regeneration, using as a model system the echinoderm Holothuria glaberrima, a local sea cucumber. In the past 20 years, Dr. Garc\u00eda\u2019s laboratory had made advances in deciphering regeneration mechanisms in both intestinal and nervous system regeneration. Likewise making their system known via articles, seminars, workshops and courses, both nationally and internationally. Now they are seeing a growth in the interest of using adult echinoderms for regeneration studies. Dr. Garc\u00eda is interested in the training of students and the mentoring of junior faculty. He has a strong history of training undergraduate students (over 100), particularly underrepresented minorities. Many of his students have been co-authors in the laboratory publications and many others have continued to graduate careers.<\/p>\n<\/div>\n<\/div>\n\n\n\n<p><strong>Research Project:<\/strong> Balancing degeneration and regeneration in the echinoderm nervous system<\/p>\n\n\n\n<p><strong>Off-site collaborators:<\/strong> Andrew Cameron (Caltech), Veronica Hinman (Carnegie Mellon University)<\/p>\n\n\n\n<p><strong>Description: <\/strong>Dr. Garc\u00eda-Arrar\u00e1s has pioneered the use of the echinoderm&nbsp;Holothuria glaberrima&nbsp;to study the process of regeneration and organogenesis. His research focuses on the molecular aspects of nervous system regeneration, specifically on the cellular events and genes that are important for the regeneration process to occur. His lab is generating an expressed sequence tag (EST) database for&nbsp;H. glaberrima&nbsp;sequences obtained from three cDNA libraries, of normal radial nerve cord, and two from regenerating (5-7 days and 12-14 days after nerve cord transection). Their work is aimed at finding different profiles of gene expression and at determining the function of specific genes during the process of regeneration. Students will be involved in bioinformatics analyses to determine gene sequences, structural domains and gene characterization. In addition, the evolution of particular genes will be targeted. Finally, benchwork experiments using PCR, Northerns and Westerns applied&nbsp;to the nervous system regeneration will be done to fully characterize the gene\u2019s expression profile.<\/p>\n\n\n\n<div style=\"height:100px\" aria-hidden=\"true\" class=\"wp-block-spacer\"><\/div>\n\n\n\n<div style=\"height:44px\" aria-hidden=\"true\" class=\"wp-block-spacer\"><\/div>\n","protected":false},"excerpt":{"rendered":"<p>University of Puerto Rico, R\u00edo Piedras Campus College of Natural ScienceBiology Biography: Dr. Jos\u00e9 E. Garc\u00eda-Arrar\u00e1s is a professor of the Department of Biology at the University of Puerto Rico. He is the Principal Investigator of the NeuroID Program and the director of an NIH-ENDURE (R25) grant and an NIH-BD2K (R25) grant that focus on &hellip; <\/p>\n<p class=\"link-more\"><a href=\"https:\/\/neuroid.uprrp.edu\/index.php\/dr-jose-e-garcia-arraras\/\" class=\"more-link\">Read more<span class=\"screen-reader-text\"> &#8220;Jos\u00e9 E. Garc\u00eda Arrar\u00e1s, Ph.D.&#8221;<\/span><\/a><\/p>\n","protected":false},"author":5,"featured_media":0,"parent":0,"menu_order":0,"comment_status":"closed","ping_status":"closed","template":"","meta":{"footnotes":""},"class_list":["post-5278","page","type-page","status-publish","hentry"],"rttpg_featured_image_url":null,"rttpg_author":{"display_name":"admin","author_link":"https:\/\/neuroid.uprrp.edu\/index.php\/author\/admin\/"},"rttpg_comment":0,"rttpg_category":null,"rttpg_excerpt":"University of Puerto Rico, R\u00edo Piedras Campus College of Natural ScienceBiology Biography: Dr. Jos\u00e9 E. Garc\u00eda-Arrar\u00e1s is a professor of the Department of Biology at the University of Puerto Rico. He is the Principal Investigator of the NeuroID Program and the director of an NIH-ENDURE (R25) grant and an NIH-BD2K (R25) grant that focus on&hellip;","_links":{"self":[{"href":"https:\/\/neuroid.uprrp.edu\/index.php\/wp-json\/wp\/v2\/pages\/5278","targetHints":{"allow":["GET"]}}],"collection":[{"href":"https:\/\/neuroid.uprrp.edu\/index.php\/wp-json\/wp\/v2\/pages"}],"about":[{"href":"https:\/\/neuroid.uprrp.edu\/index.php\/wp-json\/wp\/v2\/types\/page"}],"author":[{"embeddable":true,"href":"https:\/\/neuroid.uprrp.edu\/index.php\/wp-json\/wp\/v2\/users\/5"}],"replies":[{"embeddable":true,"href":"https:\/\/neuroid.uprrp.edu\/index.php\/wp-json\/wp\/v2\/comments?post=5278"}],"version-history":[{"count":7,"href":"https:\/\/neuroid.uprrp.edu\/index.php\/wp-json\/wp\/v2\/pages\/5278\/revisions"}],"predecessor-version":[{"id":5500,"href":"https:\/\/neuroid.uprrp.edu\/index.php\/wp-json\/wp\/v2\/pages\/5278\/revisions\/5500"}],"wp:attachment":[{"href":"https:\/\/neuroid.uprrp.edu\/index.php\/wp-json\/wp\/v2\/media?parent=5278"}],"curies":[{"name":"wp","href":"https:\/\/api.w.org\/{rel}","templated":true}]}}