{"id":5747,"date":"2021-07-08T14:11:08","date_gmt":"2021-07-08T18:11:08","guid":{"rendered":"https:\/\/neuroid.uprrp.edu\/?page_id=5747"},"modified":"2025-05-08T15:03:46","modified_gmt":"2025-05-08T19:03:46","slug":"podcast-2-amanda-caceres","status":"publish","type":"page","link":"https:\/\/neuroid.uprrp.edu\/index.php\/podcast-2-amanda-caceres\/","title":{"rendered":"Podcast 2"},"content":{"rendered":"\n<p style=\"font-size:clamp(16.293px, 1.018rem + ((1vw - 3.2px) * 0.771), 25px);px\">Title: Avatar Therapy<\/p>\n\n\n\n<p>By Amanda Caceres<\/p>\n\n\n\n<div style=\"height:25px\" aria-hidden=\"true\" class=\"wp-block-spacer\"><\/div>\n\n\n\n<div class=\"wp-block-cover alignwide has-background-dim-30 has-neve-link-color-background-color has-background-dim has-custom-content-position is-position-center-left is-position-center-center\" style=\"min-height:250px;aspect-ratio:unset;\"><img fetchpriority=\"high\" decoding=\"async\" width=\"2000\" height=\"1125\" class=\"wp-block-cover__image-background wp-image-5743\" alt=\"\" src=\"https:\/\/neuroid.uprrp.edu\/wp-content\/uploads\/2021\/07\/Podcastbackground.png\" style=\"object-position:7% 61%\" data-object-fit=\"cover\" data-object-position=\"7% 61%\" srcset=\"https:\/\/neuroid.uprrp.edu\/wp-content\/uploads\/2021\/07\/Podcastbackground.png 2000w, https:\/\/neuroid.uprrp.edu\/wp-content\/uploads\/2021\/07\/Podcastbackground-300x169.png 300w, https:\/\/neuroid.uprrp.edu\/wp-content\/uploads\/2021\/07\/Podcastbackground-1024x576.png 1024w, https:\/\/neuroid.uprrp.edu\/wp-content\/uploads\/2021\/07\/Podcastbackground-768x432.png 768w, https:\/\/neuroid.uprrp.edu\/wp-content\/uploads\/2021\/07\/Podcastbackground-1536x864.png 1536w\" sizes=\"(max-width: 2000px) 100vw, 2000px\" \/><div class=\"wp-block-cover__inner-container is-layout-flow wp-block-cover-is-layout-flow\">\n<div style=\"height:28px\" aria-hidden=\"true\" class=\"wp-block-spacer\"><\/div>\n\n\n\n<div class=\"wp-block-columns is-layout-flex wp-container-core-columns-is-layout-28f84493 wp-block-columns-is-layout-flex\">\n<div class=\"wp-block-column is-layout-flow wp-block-column-is-layout-flow\" style=\"flex-basis:35%\">\n<div class=\"wp-block-image\"><figure class=\"alignright size-large is-resized\"><img decoding=\"async\" src=\"https:\/\/neuroid.uprrp.edu\/wp-content\/uploads\/2021\/07\/Therapy-Podcast-edited.png\" alt=\"\" class=\"wp-image-5751\" width=\"285\" height=\"285\" srcset=\"https:\/\/neuroid.uprrp.edu\/wp-content\/uploads\/2021\/07\/Therapy-Podcast-edited.png 447w, https:\/\/neuroid.uprrp.edu\/wp-content\/uploads\/2021\/07\/Therapy-Podcast-edited-300x300.png 300w, https:\/\/neuroid.uprrp.edu\/wp-content\/uploads\/2021\/07\/Therapy-Podcast-edited-150x150.png 150w, https:\/\/neuroid.uprrp.edu\/wp-content\/uploads\/2021\/07\/Therapy-Podcast-edited-45x45.png 45w\" sizes=\"(max-width: 285px) 100vw, 285px\" \/><\/figure><\/div>\n<\/div>\n\n\n\n<div class=\"wp-block-column is-layout-flow wp-block-column-is-layout-flow\" style=\"flex-basis:50%\">\n<div style=\"height:44px\" aria-hidden=\"true\" class=\"wp-block-spacer\"><\/div>\n\n\n\n<p class=\"has-nv-dark-bg-color has-text-color has-large-font-size\">Avatar Therapy<\/p>\n\n\n\n<p class=\"has-nv-dark-bg-color has-text-color\"><em> AVATAR, en realidad son las siglas para el tratamiento cual su nombre completo es \u201cAudio Visual Assited Therapy Aid for Refractory Auditory Hallucinaitons\u201d.&nbsp;<\/em><\/p>\n\n\n\n<div style=\"height:21px\" aria-hidden=\"true\" class=\"wp-block-spacer\"><\/div>\n\n\n\n<div class=\"wp-block-columns is-layout-flex wp-container-core-columns-is-layout-28f84493 wp-block-columns-is-layout-flex\">\n<div class=\"wp-block-column is-layout-flow wp-block-column-is-layout-flow\">\n<figure class=\"wp-block-audio\"><audio controls src=\"https:\/\/me-qr.com\/data\/mp3\/298616.mp3\"><\/audio><\/figure>\n<\/div>\n<\/div>\n<\/div>\n<\/div>\n<\/div><\/div>\n\n\n\n<div style=\"height:30px\" aria-hidden=\"true\" class=\"wp-block-spacer\"><\/div>\n\n\n\n<div class=\"wp-block-file aligncenter\"><a href=\"https:\/\/neuroid.uprrp.edu\/wp-content\/uploads\/2021\/07\/Avatar-therapy-Amanda-Caceres.pptx.pdf\" target=\"_blank\" rel=\"noreferrer noopener\">Avatar therapy<\/a><a href=\"https:\/\/neuroid.uprrp.edu\/wp-content\/uploads\/2021\/07\/Avatar-therapy-Amanda-Caceres.pptx.pdf\" class=\"wp-block-file__button\" download>OPEN PRESENTATION<\/a><\/div>\n\n\n\n<div style=\"height:47px\" aria-hidden=\"true\" class=\"wp-block-spacer\"><\/div>\n\n\n\n<hr class=\"wp-block-separator\"\/>\n\n\n\n<div class=\"wp-block-columns is-layout-flex wp-container-core-columns-is-layout-28f84493 wp-block-columns-is-layout-flex\">\n<div class=\"wp-block-column is-layout-flow wp-block-column-is-layout-flow\" style=\"flex-basis:15%\"><\/div>\n\n\n\n<div class=\"wp-block-column is-layout-flow wp-block-column-is-layout-flow\">\n<div class=\"wp-block-columns is-layout-flex wp-container-core-columns-is-layout-28f84493 wp-block-columns-is-layout-flex\">\n<div class=\"wp-block-column is-layout-flow wp-block-column-is-layout-flow\">\n<div class=\"wp-block-image\"><figure class=\"alignright size-large is-resized\"><a href=\"https:\/\/neuroid.uprrp.edu\/wp-content\/uploads\/2021\/07\/Amanda-Caceres.png\"><img decoding=\"async\" src=\"https:\/\/neuroid.uprrp.edu\/wp-content\/uploads\/2021\/07\/Amanda-Caceres-edited.png\" alt=\"\" class=\"wp-image-5749\" width=\"300\" height=\"300\" srcset=\"https:\/\/neuroid.uprrp.edu\/wp-content\/uploads\/2021\/07\/Amanda-Caceres-edited.png 397w, https:\/\/neuroid.uprrp.edu\/wp-content\/uploads\/2021\/07\/Amanda-Caceres-edited-300x300.png 300w, https:\/\/neuroid.uprrp.edu\/wp-content\/uploads\/2021\/07\/Amanda-Caceres-edited-150x150.png 150w, https:\/\/neuroid.uprrp.edu\/wp-content\/uploads\/2021\/07\/Amanda-Caceres-edited-45x45.png 45w\" sizes=\"(max-width: 300px) 100vw, 300px\" \/><\/a><\/figure><\/div>\n<\/div>\n\n\n\n<div class=\"wp-block-column is-vertically-aligned-center is-layout-flow wp-block-column-is-layout-flow\">\n<p class=\"has-medium-font-size\">Amanda Caceres<\/p>\n\n\n\n<p>University of Puerto Rico, Rio Piedras Campus<br>Faculty: Natural Science<br>Baccalaureate: Molecular Cell Biology <br>Year: 4th<\/p>\n<\/div>\n<\/div>\n<\/div>\n\n\n\n<div class=\"wp-block-column is-layout-flow wp-block-column-is-layout-flow\" style=\"flex-basis:15%\"><\/div>\n<\/div>\n\n\n\n<hr class=\"wp-block-separator\"\/>\n\n\n\n<div style=\"height:48px\" aria-hidden=\"true\" class=\"wp-block-spacer\"><\/div>\n\n\n\n<div class=\"wp-block-columns is-layout-flex wp-container-core-columns-is-layout-28f84493 wp-block-columns-is-layout-flex\">\n<div class=\"wp-block-column is-layout-flow wp-block-column-is-layout-flow\" style=\"flex-basis:25%\"><\/div>\n\n\n\n<div class=\"wp-block-column is-layout-flow wp-block-column-is-layout-flow\" style=\"flex-basis:50%\">\n<h1 class=\"has-medium-font-size wp-block-heading\">Transcript (in spanish)<\/h1>\n\n\n\n<p>Amanda C\u00e1ceres:<\/p>\n\n\n\n<p>Buenos d\u00edas, buenas noches o buenas tardes mi nombre es Amanda C\u00e1ceres y te doy las gracias por estar conmigo en el d\u00eda de hoy y poder compartir este espacio conmigo en donde voy a estar hablando con ustedes, acerca de uno de los m\u00e9todos de tratamiento m\u00e1s modernos para la enfermedad de esquizofrenia.&nbsp;<\/p>\n\n\n\n<p><strong>\u00bfQu\u00e9 es la esquizofrenia?<\/strong><\/p>\n\n\n\n<p>Para poder comenzar a hablar, de pleno, hay que definir que es la esquizofrenia. Bueno, en este caso, corregirme y decir que en realidad el nombre correcto para esta enfermedad es el Trastorno del Espectro Esquizofr\u00e9nico. Esta enfermedad es definida como el trastorno psic\u00f3tico, no afectivo m\u00e1s frecuente. El mismo tiene una prevalencia de vida de 1% en la poblaci\u00f3n y seg\u00fan el DSM5\u2026.Hago un par\u00e9ntesis aqu\u00ed, para decirles, que aquellos que no saben que es el DSM-5, pues este es el manual que se utiliza a nivel de USA y PR para poder diagnosticar a los pacientes basado en la sintomatolog\u00eda que ellos presentan. As\u00ed que, bajo este manual, el trastorno es considerado como un trastorno psicol\u00f3gico que va a presentar s\u00edntomas como: psicosis, disturbios motivacionales o desorganizaci\u00f3n cognitiva.<\/p>\n\n\n\n<p>Yo creo que cuando, tendemos a pensar en una persona esquizofr\u00e9nica, nos basamos en el estereotipo de una persona que: habla sola o escucha cosas o ve cosas\u2026 pero en realidad existen diferentes subtipos de esquizofrenia. Hay 5 subtipos de esquizofrenia y estos son: residual, paranoide, catat\u00f3nico, indiferenciado y el desorganizado.&nbsp;<\/p>\n\n\n\n<p>Otra cosa importante, de la enfermedad, es que hay que ver la sintomatolog\u00eda bajo dos subgrupos. Vamos a tener sintomatolog\u00eda que va a ser positiva y otra que va a ser negativa. Dentro de la sintomatolog\u00eda negativa vamos a ver que ella esta marcada por: retirada social, perdida de placer, movimientos reducidos, disminuci\u00f3n del habla, reducci\u00f3n en la motivaci\u00f3n y disminuci\u00f3n en el estado de animo del paciente. Tambi\u00e9n, tenemos la sintomatolog\u00eda positiva, que vamos a ver que trae consigo lo que son: componentes de delirios, alucinaciones y disturbios. As\u00ed que, este tipo de sintomatolog\u00eda va a trabajar lo que es el componente psic\u00f3tico de la enfermedad.&nbsp;<\/p>\n\n\n\n<p><strong>\u00bfQu\u00e9 es la psicosis?&nbsp;<\/strong><\/p>\n\n\n\n<p>La psicosis es una perdida de la realidad que se da, por parte del paciente cuando el tiene la condici\u00f3n. Hay dos tipos de alucinaciones que se presentan en la enfermedad y tenemos lo que son las alucinaciones visuales y las alucinaciones auditivas. Dentro de la enfermedad se ha visto que la que ocurre con mayor frecuencia es la del tipo auditiva. Los pacientes de esquizofrenia tienden a describir este tipo de alucinaci\u00f3n como si hubiera voces que lo persiguen constantemente, una voz que narra lo que ellos est\u00e1n haciendo o tambi\u00e9n como si se diera una conversaci\u00f3n entre dos voces en su cabeza.&nbsp;<\/p>\n\n\n\n<p>La literatura sugiere que este tipo de sintomatolog\u00eda, esta ligada a da\u00f1os en estructuras cerebrales como lo son: el t\u00e1lamo y el tronco encef\u00e1lico. Mientras, que el componente de las alucinaciones visuales se atribuye m\u00e1s a lo que son posibles problemas de hiperconectividad en lo que es la am\u00edgdala y la corteza visual.&nbsp;<\/p>\n<\/div>\n\n\n\n<div class=\"wp-block-column is-layout-flow wp-block-column-is-layout-flow\" style=\"flex-basis:25%\"><\/div>\n<\/div>\n\n\n\n<p class=\"has-text-align-right\">Continue to next page&#8230;<\/p>\n\n\n\n<!--nextpage-->\n\n\n\n<div style=\"height:29px\" aria-hidden=\"true\" class=\"wp-block-spacer\"><\/div>\n\n\n\n<div class=\"wp-block-columns is-layout-flex wp-container-core-columns-is-layout-28f84493 wp-block-columns-is-layout-flex\">\n<div class=\"wp-block-column is-layout-flow wp-block-column-is-layout-flow\" style=\"flex-basis:25%\"><\/div>\n\n\n\n<div class=\"wp-block-column is-layout-flow wp-block-column-is-layout-flow\" style=\"flex-basis:50%\">\n<p><strong>Tratamientos<\/strong><\/p>\n\n\n\n<p>Para la enfermedad, o mejor dicho, para tratar este tipo de psicosis o sintomatolog\u00eda, se han desarrollado a nivel farmacol\u00f3gico, diferentes tratamientos, y entre ellas est\u00e1n las drogas o medicamentos antipsic\u00f3ticos. Pero, se ha visto y se ha demostrada que hay pacientes, que, a pesar de estar bajo este m\u00e9todo de tratamiento, ellos resultan ser resistentes al mismo y contin\u00faan con el componente de alucinaciones.&nbsp;<\/p>\n\n\n\n<p>Por lo cual, aqu\u00ed es que vemos que surge este esfuerzo por parte de los cient\u00edfico y moderno, por buscar m\u00e9todos alternos de terapia para poder ayudar y aliviar al componente psic\u00f3tico de los pacientes.&nbsp;<\/p>\n\n\n\n<p><strong>AVATAR THERAPY<\/strong><\/p>\n\n\n\n<p>Es uno de los tratamientos alternativos y modernos que surge. AVATAR, en realidad son las siglas para el tratamiento cual su nombre completo es \u201cAudio Visual Assited Therapy Aid for Refractory Auditory Hallucinaitons\u201d.&nbsp;<\/p>\n\n\n\n<p>El tratamiento surge en el 2013 en el University College of London y es parte de los estudios de Julian Leffs. El se basa en la terapia de \u201cTalking with voices\u201d para desarrollar este m\u00e9todo de terapia.&nbsp;<\/p>\n\n\n\n<p>Como funciona este m\u00e9todo terap\u00e9utico, es que se basa completamente en una plataforma de \u201cvirtual reality\u201d, en donde se trabaja en diferentes fases. La primera va dirigida a la creaci\u00f3n de un avatar. El paciente va describiendo caracter\u00edsticas fisiol\u00f3gicas que ellos observan en el personaje de su alucinaci\u00f3n (ya sea humano o no) y se crea una imagen del rostro de este personaje de la alucinaci\u00f3n. Luego de esto se pasa a seleccionar la voz. En este caso existe una rama, gama y diferentes tonos de voz y el terapista lo que hace es repetir y decir frases que la voz tiende a decirle al paciente en sus alucinaciones. Entonces, se va caracterizando la voz hasta que se llega a imitar una voz que es bastante similar a la que el paciente escucha en sus alucinaciones. Realmente, luego que se hace es que se sincronizan los labios del AVATAR al habla del personaje.&nbsp;<\/p>\n\n\n\n<p>Una vez ya el paciente, halla culminado la fase de la creaci\u00f3n del avatar pues se comienza la fase de terapia. La fase de terapia consiste en una secci\u00f3n de 45 minutos en donde se basa completamente en di\u00e1logo. Se dan entonces alrededor de 6-8 semanas de terapia. En la secci\u00f3n de terapia, el terapista se encuentra en un cuarto frente a un monitor y el elige y controla si al momento de hablar, habla como el avatar o habla en su tono de voz normal. Entonces, en otro cuarto se tiene al paciente frente a un monitor con a imagen del avatar creado. Es el terapista el que comienza el di\u00e1logo y se sigue la secci\u00f3n de terapia entonces por los 45 minutos.&nbsp;<\/p>\n\n\n\n<p>Lo m\u00e1s curioso de todo esto, es ver que vivimos en un mundo que se ha vuelto completamente tecnol\u00f3gico y ver que quiz\u00e1s esto es un m\u00e9todo de tratamiento bastante sencillo y que en su gran mayor\u00eda lo que usa es el di\u00e1logo y la asistencia de la tecnolog\u00eda. El ver que el tratamiento, s\u00ed ha demostrado: ayudar a los pacientes a controlar sus alucinaciones, la cantidad de voces que escuchan durante el d\u00eda y disminuir lo denso que puede ser tener alucinaciones de este tipo y tambi\u00e9n saber como manejarlas cuando se les presentan; es satisfactorio. A pesar, de que el tratamiento dura menos que otros m\u00e9todos de tratamiento que se ofrecen de terapia, al paciente, se le ofrecen las grabaciones de las terapias. De este modo, ellos las tienen accesibles si sienten la necesidad de volver a este tipo de terapia o tenerla disponible de manera inmediata, para que el se sienta en la comodidad de verla y manejar entonces el episodio.&nbsp;<\/p>\n\n\n\n<p>Como mencionado anteriormente, es una terapia bastante reciente. En 2013 se prueba como experimento a nivel cl\u00ednico y en el 2016 y 2017 se emplea como m\u00e9todo de tratamiento. Actualmente, la ciencia lo que esta buscando, es la habilidad de proponer este m\u00e9todo de terapia para adolecentes y ni\u00f1os que se encuentren bajo medicamentos antipsic\u00f3ticos y ver el efecto que tiene en los mismo.&nbsp;<\/p>\n\n\n\n<p><strong>Cierre<\/strong><\/p>\n\n\n\n<p>Tras tomar en consideraci\u00f3n todo lo que hemos hablado en los minutos de hoy. \u00bfQu\u00e9 es la esquizofrenia? \u00bfC\u00f3mo es caracterizada? \u00bfCu\u00e1les son los s\u00edntomas? Y \u00bfEn qu\u00e9 se enfoca la psicosis de estos pacientes?, etc. Creo que es bien importante conocer, o que conozcamos, estas nuevas alternativas de tratamiento que se est\u00e1n empleando. Ya que, permite que se creen nuevos m\u00e9todos de terapias que le dan a los pacientes diferentes alternativas de tratamiento, que no necesariamente est\u00e1n ligadas a ingerir f\u00e1rmacos, \u00f3sea son un tipo de tratamiento m\u00e1s natural. No obstante, s\u00ed son pacientes que quieren buscar ayuda y manejar sus s\u00edntomas, que me imagino que no debe ser nada de f\u00e1cil vivir con una voz que constantemente te atormenta. Esto tiene un gran componente emocional, psicol\u00f3gico y social.&nbsp;<\/p>\n\n\n\n<p>Dicho esto, te invito a que, si te interesa saber m\u00e1s acerca de a la esquizofrenia y sus diferentes m\u00e9todos de tratamiento, hagas una b\u00fasqueda en el internet. Con solo poner \u201ctraeatments for schizofrenia\u201d vas a ver la gama de diferentes tratamientos que existen y como se tratan los diferentes componentes dentro de la enfermedad, no solo los enfocados en las alucinaciones<\/p>\n\n\n\n<p>Te doy las gracias nuevamente por escucharme y espero que este podcast, o mini podcast, te haya servido de ayuda o de informaci\u00f3n acerca de lo que es este tipo de enfermedad del neuro desarrollo. \u00a1GRACIAS!<\/p>\n<\/div>\n\n\n\n<div class=\"wp-block-column is-layout-flow wp-block-column-is-layout-flow\" style=\"flex-basis:25%\"><\/div>\n<\/div>\n\n\n\n<div style=\"height:64px\" aria-hidden=\"true\" class=\"wp-block-spacer\"><\/div>\n","protected":false},"excerpt":{"rendered":"<p>Title: Avatar Therapy By Amanda Caceres Amanda Caceres University of Puerto Rico, Rio Piedras CampusFaculty: Natural ScienceBaccalaureate: Molecular Cell Biology Year: 4th Transcript (in spanish) Amanda C\u00e1ceres: Buenos d\u00edas, buenas noches o buenas tardes mi nombre es Amanda C\u00e1ceres y te doy las gracias por estar conmigo en el d\u00eda de hoy y poder compartir &hellip; <\/p>\n<p class=\"link-more\"><a href=\"https:\/\/neuroid.uprrp.edu\/index.php\/podcast-2-amanda-caceres\/\" class=\"more-link\">Read more<span class=\"screen-reader-text\"> &#8220;Podcast 2&#8221;<\/span><\/a><\/p>\n","protected":false},"author":5,"featured_media":0,"parent":0,"menu_order":0,"comment_status":"closed","ping_status":"closed","template":"","meta":{"footnotes":""},"class_list":["post-5747","page","type-page","status-publish","hentry"],"rttpg_featured_image_url":null,"rttpg_author":{"display_name":"admin","author_link":"https:\/\/neuroid.uprrp.edu\/index.php\/author\/admin\/"},"rttpg_comment":0,"rttpg_category":null,"rttpg_excerpt":"Title: Avatar Therapy By Amanda Caceres Amanda Caceres University of Puerto Rico, Rio Piedras CampusFaculty: Natural ScienceBaccalaureate: Molecular Cell Biology Year: 4th Transcript (in spanish) Amanda C\u00e1ceres: Buenos d\u00edas, buenas noches o buenas tardes mi nombre es Amanda C\u00e1ceres y te doy las gracias por estar conmigo en el d\u00eda de hoy y poder compartir&hellip;","_links":{"self":[{"href":"https:\/\/neuroid.uprrp.edu\/index.php\/wp-json\/wp\/v2\/pages\/5747","targetHints":{"allow":["GET"]}}],"collection":[{"href":"https:\/\/neuroid.uprrp.edu\/index.php\/wp-json\/wp\/v2\/pages"}],"about":[{"href":"https:\/\/neuroid.uprrp.edu\/index.php\/wp-json\/wp\/v2\/types\/page"}],"author":[{"embeddable":true,"href":"https:\/\/neuroid.uprrp.edu\/index.php\/wp-json\/wp\/v2\/users\/5"}],"replies":[{"embeddable":true,"href":"https:\/\/neuroid.uprrp.edu\/index.php\/wp-json\/wp\/v2\/comments?post=5747"}],"version-history":[{"count":10,"href":"https:\/\/neuroid.uprrp.edu\/index.php\/wp-json\/wp\/v2\/pages\/5747\/revisions"}],"predecessor-version":[{"id":10666,"href":"https:\/\/neuroid.uprrp.edu\/index.php\/wp-json\/wp\/v2\/pages\/5747\/revisions\/10666"}],"wp:attachment":[{"href":"https:\/\/neuroid.uprrp.edu\/index.php\/wp-json\/wp\/v2\/media?parent=5747"}],"curies":[{"name":"wp","href":"https:\/\/api.w.org\/{rel}","templated":true}]}}