{"id":5993,"date":"2021-07-20T16:23:48","date_gmt":"2021-07-20T20:23:48","guid":{"rendered":"https:\/\/neuroid.uprrp.edu\/?page_id=5993"},"modified":"2021-07-21T11:40:37","modified_gmt":"2021-07-21T15:40:37","slug":"podcast-7","status":"publish","type":"page","link":"https:\/\/neuroid.uprrp.edu\/index.php\/podcast-7\/","title":{"rendered":"Podcast 7"},"content":{"rendered":"\n<p style=\"font-size:clamp(16.293px, 1.018rem + ((1vw - 3.2px) * 0.771), 25px);px\">Title: Antidepresivos<\/p>\n\n\n\n<p>By Julianna Qui\u00f1ones Arill<\/p>\n\n\n\n<div style=\"height:25px\" aria-hidden=\"true\" class=\"wp-block-spacer\"><\/div>\n\n\n\n<div class=\"wp-block-cover alignwide has-background-dim-30 has-neve-link-color-background-color has-background-dim has-custom-content-position is-position-center-left is-position-center-center\" style=\"min-height:250px;aspect-ratio:unset;\"><img fetchpriority=\"high\" decoding=\"async\" width=\"2000\" height=\"1125\" class=\"wp-block-cover__image-background wp-image-5743\" alt=\"\" src=\"https:\/\/neuroid.uprrp.edu\/wp-content\/uploads\/2021\/07\/Podcastbackground.png\" style=\"object-position:7% 61%\" data-object-fit=\"cover\" data-object-position=\"7% 61%\" srcset=\"https:\/\/neuroid.uprrp.edu\/wp-content\/uploads\/2021\/07\/Podcastbackground.png 2000w, https:\/\/neuroid.uprrp.edu\/wp-content\/uploads\/2021\/07\/Podcastbackground-300x169.png 300w, https:\/\/neuroid.uprrp.edu\/wp-content\/uploads\/2021\/07\/Podcastbackground-1024x576.png 1024w, https:\/\/neuroid.uprrp.edu\/wp-content\/uploads\/2021\/07\/Podcastbackground-768x432.png 768w, https:\/\/neuroid.uprrp.edu\/wp-content\/uploads\/2021\/07\/Podcastbackground-1536x864.png 1536w\" sizes=\"(max-width: 2000px) 100vw, 2000px\" \/><div class=\"wp-block-cover__inner-container is-layout-flow wp-block-cover-is-layout-flow\">\n<div style=\"height:28px\" aria-hidden=\"true\" class=\"wp-block-spacer\"><\/div>\n\n\n\n<div class=\"wp-block-columns is-layout-flex wp-container-core-columns-is-layout-28f84493 wp-block-columns-is-layout-flex\">\n<div class=\"wp-block-column is-layout-flow wp-block-column-is-layout-flow\" style=\"flex-basis:35%\">\n<div class=\"wp-block-image\"><figure class=\"alignright size-large\"><a href=\"https:\/\/neuroid.uprrp.edu\/wp-content\/uploads\/2021\/07\/Julianna-edited.png\"><img decoding=\"async\" width=\"249\" height=\"249\" src=\"https:\/\/neuroid.uprrp.edu\/wp-content\/uploads\/2021\/07\/Julianna-edited.png\" alt=\"\" class=\"wp-image-5956\" srcset=\"https:\/\/neuroid.uprrp.edu\/wp-content\/uploads\/2021\/07\/Julianna-edited.png 249w, https:\/\/neuroid.uprrp.edu\/wp-content\/uploads\/2021\/07\/Julianna-edited-150x150.png 150w, https:\/\/neuroid.uprrp.edu\/wp-content\/uploads\/2021\/07\/Julianna-edited-45x45.png 45w\" sizes=\"(max-width: 249px) 100vw, 249px\" \/><\/a><\/figure><\/div>\n<\/div>\n\n\n\n<div class=\"wp-block-column is-layout-flow wp-block-column-is-layout-flow\" style=\"flex-basis:50%\">\n<p class=\"has-nv-dark-bg-color has-text-color has-large-font-size\">Antidepresivos<\/p>\n\n\n\n<p class=\"has-nv-dark-bg-color has-text-color\"><em> Los antidepresivos sirven con el prop\u00f3sito de ayudarles adaptar mejor a los desbalances qu\u00edmicos que la depresi\u00f3n haya causado.<\/em> <\/p>\n\n\n\n<p><\/p>\n\n\n\n<div style=\"height:21px\" aria-hidden=\"true\" class=\"wp-block-spacer\"><\/div>\n\n\n\n<figure class=\"wp-block-audio\"><audio controls src=\"https:\/\/d3ctxlq1ktw2nl.cloudfront.net\/staging\/2021-6-20\/4ac57e61-1df0-cf6f-bf5d-95ee5d93b72d.mp3\"><\/audio><\/figure>\n\n\n\n<div style=\"height:25px\" aria-hidden=\"true\" class=\"wp-block-spacer\"><\/div>\n\n\n\n<div class=\"wp-block-buttons is-layout-flex wp-block-buttons-is-layout-flex\">\n<div class=\"wp-block-button\"><a class=\"wp-block-button__link\" href=\"https:\/\/anchor.fm\/neuroid-podcasts\/episodes\/Podcast-Antidepresivos-e14od00\/a-a66577n\" style=\"border-radius:50px\">Podcast audio<\/a><\/div>\n<\/div>\n<\/div>\n<\/div>\n<\/div><\/div>\n\n\n\n<div style=\"height:30px\" aria-hidden=\"true\" class=\"wp-block-spacer\"><\/div>\n\n\n\n<div class=\"wp-block-file aligncenter\"><a href=\"https:\/\/neuroid.uprrp.edu\/wp-content\/uploads\/2021\/07\/Presentacion-de-antidepresivos.pdf\" target=\"_blank\" rel=\"noreferrer noopener\">Antidepresivos<\/a><a href=\"https:\/\/neuroid.uprrp.edu\/wp-content\/uploads\/2021\/07\/Presentacion-de-antidepresivos.pdf\" class=\"wp-block-file__button\" download>OPEN PRESENTATION<\/a><\/div>\n\n\n\n<div style=\"height:47px\" aria-hidden=\"true\" class=\"wp-block-spacer\"><\/div>\n\n\n\n<hr class=\"wp-block-separator\"\/>\n\n\n\n<div class=\"wp-block-columns is-layout-flex wp-container-core-columns-is-layout-28f84493 wp-block-columns-is-layout-flex\">\n<div class=\"wp-block-column is-layout-flow wp-block-column-is-layout-flow\" style=\"flex-basis:15%\"><\/div>\n\n\n\n<div class=\"wp-block-column is-layout-flow wp-block-column-is-layout-flow\">\n<div class=\"wp-block-columns is-layout-flex wp-container-core-columns-is-layout-28f84493 wp-block-columns-is-layout-flex\">\n<div class=\"wp-block-column is-layout-flow wp-block-column-is-layout-flow\">\n<div class=\"wp-block-image\"><figure class=\"alignright size-large is-resized\"><a href=\"https:\/\/neuroid.uprrp.edu\/wp-content\/uploads\/2021\/07\/Screen-Shot-2021-07-15-at-10.44.13-AM.png\"><img decoding=\"async\" src=\"https:\/\/neuroid.uprrp.edu\/wp-content\/uploads\/2021\/07\/Screen-Shot-2021-07-15-at-10.44.13-AM-edited.png\" alt=\"\" class=\"wp-image-5997\" width=\"300\" height=\"300\" srcset=\"https:\/\/neuroid.uprrp.edu\/wp-content\/uploads\/2021\/07\/Screen-Shot-2021-07-15-at-10.44.13-AM-edited.png 382w, https:\/\/neuroid.uprrp.edu\/wp-content\/uploads\/2021\/07\/Screen-Shot-2021-07-15-at-10.44.13-AM-edited-300x300.png 300w, https:\/\/neuroid.uprrp.edu\/wp-content\/uploads\/2021\/07\/Screen-Shot-2021-07-15-at-10.44.13-AM-edited-150x150.png 150w, https:\/\/neuroid.uprrp.edu\/wp-content\/uploads\/2021\/07\/Screen-Shot-2021-07-15-at-10.44.13-AM-edited-45x45.png 45w\" sizes=\"(max-width: 300px) 100vw, 300px\" \/><\/a><\/figure><\/div>\n<\/div>\n\n\n\n<div class=\"wp-block-column is-vertically-aligned-center is-layout-flow wp-block-column-is-layout-flow\">\n<p class=\"has-medium-font-size\">Julianna Qui\u00f1ones Arill<\/p>\n\n\n\n<p>University of Puerto Rico, Rio Piedras Campus<br>Faculty: Natural Science<br>Baccalaureate: Molecular Cell Biology <br>Year: 4th<\/p>\n<\/div>\n<\/div>\n<\/div>\n\n\n\n<div class=\"wp-block-column is-layout-flow wp-block-column-is-layout-flow\" style=\"flex-basis:15%\"><\/div>\n<\/div>\n\n\n\n<hr class=\"wp-block-separator\"\/>\n\n\n\n<div style=\"height:48px\" aria-hidden=\"true\" class=\"wp-block-spacer\"><\/div>\n\n\n\n<div class=\"wp-block-columns is-layout-flex wp-container-core-columns-is-layout-28f84493 wp-block-columns-is-layout-flex\">\n<div class=\"wp-block-column is-layout-flow wp-block-column-is-layout-flow\" style=\"flex-basis:25%\"><\/div>\n\n\n\n<div class=\"wp-block-column is-layout-flow wp-block-column-is-layout-flow\" style=\"flex-basis:50%\">\n<h1 class=\"has-medium-font-size wp-block-heading\">Transcript (in spanish)<\/h1>\n\n\n\n<p>\u00a1Saludos mi gente! Mi nombre es Julianna Qui\u00f1ones Arill, estudiante de Biolog\u00eda Molecular de la Universidad de Puerto Rico, Recinto de Rio Piedras, y en el segmento de hoy, se estar\u00e1 discutiendo los antidepresivos. Pero primero, es importante hablar sobre lo que es como tal la depresi\u00f3n, y como este trastorno mental afecta la vida de una persona, ya sea de forma f\u00edsica o de forma mental. El Mayo Clinic describe la depresi\u00f3n como una enfermedad seria y medical que afecta negativamente como uno se siente, piensa y act\u00faa. Cuando uno se encuentra en un estado depresivo, o sinti\u00e9ndose triste ocasionalmente, esa persona podr\u00e1 estar sufriendo de depresi\u00f3n. Ver un cambio de apetito, sentirse fatigado, o tener dificultad concentr\u00e1ndose, pensando y haciendo decisiones tambi\u00e9n contribuye a los s\u00edntomas de depresi\u00f3n. Ahora, el s\u00edntoma m\u00e1s critico y que tiene una influencia final en determinar la vida de la persona son pensamientos de suicidio y muerte. Cuando llegue a este punto, es sumamente importante proveer apoyo y conseguirle tratamientos y cualquier tipo de ayuda para que esta persona no llegue hacer una decisi\u00f3n permanente ante una situaci\u00f3n temporera. Al final, mencionar\u00e9 los \u201chotlines\u201d que uno puede llamar para conseguir ayuda profesional.&nbsp;<\/p>\n\n\n\n<p>Siendo una latina, siento que es bien importante hablar sobre el estigma en que la comunidad hispana tiene hacia el trastorno mental. Frases como \u201clos hombres no pueden llorar\u201d o \u201clas mujeres son muy emocionales\u201d hacer ver que genero tiene un efecto en como una persona deber\u00eda sentir. Como consecuencia, la prevalencia de los trastornos mentales se encuentra en un aumento, causando efectos considerables en quienes la padecen. Ciertas estad\u00edsticas concluyen que 1 de cada 15 adultos es afectado por depresi\u00f3n, y de que 1 de cada 6 personas tendr\u00e1 depresi\u00f3n en alg\u00fan tiempo de su vida. En relaci\u00f3n con genero, mujeres son mas propensos a tener depresi\u00f3n, 1\/3 de ellas.&nbsp; Con esto dicho, a pesar de su frecuencia, los problemas de salud son todav\u00eda grandes desconocidos para la sociedad y hablar de ellas se considera como tab\u00fa. Esto causa a que esa persona se sienta solo, viviendo en silencio, en verg\u00fcenza, y con miedo. Al final a cabo, esa estigmatizaci\u00f3n causa a que uno lo vea no como una persona, pero sino como un mero diagnostico.&nbsp; Si no se resuelve este estigma, esto solamente impedir\u00e1 el recuperamiento de dicha persona.&nbsp; Por lo tanto, para poder combatirlo, es necesario plantear diversas estategias, como movilizaci\u00f3n y protesta, educaci\u00f3n e informaci\u00f3n, contacto e interacci\u00f3n y el proceso de empoderamiento.<\/p>\n\n\n\n<p>\u00bfCon esto dicho, como es que uno puede tratar la depresi\u00f3n? Pues, unas de las alternativas que el paciente puede considerar son los antidepresivos. Los antidepresivos son una alternativa farmacol\u00f3gica que los doctores prescriben para tratar la depresi\u00f3n. Es importante notar que los antidepresivos sirven con el prop\u00f3sito de ayudarles adaptar mejor a los desbalances qu\u00edmicos que la depresi\u00f3n haya causado. Sin embargo, no es una alternativa que ayuda resolver los problemas ni superarlos. Es mejor combinarlo con terapia, pero la accesibilidad de poder hacer esos costos depende del estado socioecon\u00f3mico del paciente. Usualmente, los pacientes pueden poder pagar un tratamiento, no ambos. Por lo tanto, el tratamiento mas costo efectivo son los antidepresivos, y es el m\u00e9todo de tratar la depresi\u00f3n mas com\u00fan. Ahora si es que voy a hablar sobre el tema principal de este segmento en mas detalles. Voy a empezar con los antidepresivos de primera generaci\u00f3n: los que causan los efectos adversos en mayor cantidad. Hablar\u00e9 primero en detalle el MAO-I, por lo cual bloquea una enzima importante en el catabolismo de las monoaminas. Gracias a esto, puede degradar NE, 5-HT y DOPA. Su forma de administraci\u00f3n es a trav\u00e9s de un \u201cskin patch, y puede tardar hasta 6 meses para que el beneficio terap\u00e9utico m\u00e1ximo.&nbsp; Los efectos adversos pueden incluir, boca seca, nausea, diarrea, constipaci\u00f3n, sueno, insomnio y\/o mareo. El otro ejemplo de un antidepresivo de primera generaci\u00f3n son los tric\u00edclicos cl\u00e1sicos. Este act\u00faa en el autoreceptor de 5-HT, y blockea su <strong>reuptake<\/strong> con la intenci\u00f3n de subir las concentraciones de los neurotransmisores en el espacio sin\u00e1ptico.<\/p>\n<\/div>\n\n\n\n<div class=\"wp-block-column is-layout-flow wp-block-column-is-layout-flow\" style=\"flex-basis:25%\"><\/div>\n<\/div>\n\n\n\n<p>Continue to next page&#8230;<\/p>\n\n\n\n<!--nextpage-->\n\n\n\n<div class=\"wp-block-columns is-layout-flex wp-container-core-columns-is-layout-28f84493 wp-block-columns-is-layout-flex\">\n<div class=\"wp-block-column is-layout-flow wp-block-column-is-layout-flow\" style=\"flex-basis:25%\"><\/div>\n\n\n\n<div class=\"wp-block-column is-layout-flow wp-block-column-is-layout-flow\" style=\"flex-basis:50%\">\n<p>Adem\u00e1s, son conocidos como antagonistas competitivos en diversos receptores. Es administrado particularmente de forma oral, ya sea en forma de tabletas, capsulas y soluciones. Tambi\u00e9n puede ser de forma IV, pero no es la ruta mas utilizada. Dan una diversidad de efectos adversos ya que tienen un grade de afinidad con varios receptores. Ya que se habl\u00f3 de los antidepresivos de primera generaci\u00f3n, ahora discutir\u00e9 el antidepresivo de segundo generaci\u00f3n mas conocido: los SSRIS. Los que hacen es inhibir el reuptake de serotonina, causando incremento en la actividad serotonergica en el espacio sin\u00e1ptico. Son administrados de forma oral una vez al d\u00eda, y no causan tantos efectos adversos a comparaci\u00f3n de los antidepresivos de primera generaci\u00f3n. A parte de los antidepresivos de primera y segunda generaci\u00f3n, existen antidepresivos at\u00edpicos. Los pacientes son adminsitrados con este tipo de antidepresivo cuando los s\u00edntomas de depresi\u00f3n son severo y cuando los antidepresivos mencionados previamente no causan un efecto significativo en aliviar los s\u00edntomas. Aqu\u00ed, se puede encontrar el Brupriopion, Viibryd y el Vortioxetine. Todas son administradas de forma de tableta oralmente. Aunque los mecanismos de acci\u00f3n no son totalmente conocido, en el caso de Viibryd y Vortioxetine, inhiben el reuptake para aumentar la concentraci\u00f3n de serotonina, mientras que en el caso de Brupriopion, el reuptake de NE y DOPA es inhibida. Estos antidepresivos tienen efectos adversos en com\u00fan, como el nausea, boca seca, insomnio, mareo y la constipaci\u00f3n. Al buscar informaci\u00f3n sobre los efectos adversos, el efecto adverso que m\u00e1s me llam\u00f3 la atenci\u00f3n es el decremento de libido en Viibryd. Finalmente, los que voy a mencionar ahora est\u00e1n en investigaci\u00f3n reciente para que pueda ser utilizado como forma alterna en tratar la depresi\u00f3n. Actualmente, est\u00e1n considerando utilizar el LSD y la ketamina, drogas fuertes, ya que causan un efecto r\u00e1pido y eficiente en subir las concentraciones de serotonina en un periodo corto. Sin embargo, siguen considerados con drogas fuertes, con consecuencias y efectos adversos si es abusado cr\u00f3nicamente. En el caso de LSD, puede causar psicosis prolongada, convulsion, un bad trip y la creaci\u00f3n de tolerancia hacia ella. Por otro lado, la ketamina puede causar un potecial de abuso hacia ella, irritabilidad y ansiedad y efectos secundarios en adicional. Esto es en el caso de un uso cr\u00f3nico utilizando estas drogas. Si se utilizan estas drogas en cantidades m\u00ednimas que hacen el efecto terap\u00e9utico deseado, la ketamina y el LSD puede ser administrado de forma segura para tratar la depresi\u00f3n. En el caso de LSD, unos de los efectos positivos en que puede traer son cambios de actitud y en personalidad, mientras que en ketamina, puede aliviar fatiga y anhedonia, y una disminuci\u00f3n en la ideaci\u00f3n suicida.&nbsp; Aunque esto sigue una investigaci\u00f3n concurrente, yo tengo altas esperanzas que esto se llegue a dar y que de luz a una perspectiva diferente en el uso de drogas recreacionales en la farmacolog\u00eda.&nbsp;<\/p>\n\n\n\n<p>&nbsp;Existen diversos tratamiento y formas en tratar la depresi\u00f3n, pero vale recalcar que los antidepresivos y la forma farmacol\u00f3gica que ofrece a trav\u00e9s de su mecanismo de acci\u00f3n ha sido imperativo en tratar a los pacientes con depresivos. Ya sea blockear un receptor en especifico, o inhibir una enzima importante en el catabolismo de monoaminas, todos tienen una meta en com\u00fan: disminuir los s\u00edntomas depresivos del paciente. Adem\u00e1s, esto ayuda abrir una conversaci\u00f3n ante el uso farmacol\u00f3gico utilizando drogas de recreaci\u00f3n como LSD y ketamina de forma regulada. Sin embargo, lo ideal ser\u00eda proveer un antidepresivo con la menor cantidad de efectos adversos. Esto ser\u00e1 posible no solamente por los estudios e investigaciones, sino tambi\u00e9n con el progreso de tecnolog\u00eda y t\u00e9cnicas de neuroimagen que ayudar\u00e1 entender el cerebro mejor. Con respecto a ketamina y LSD, aunque es un estudio concurrente hoy en d\u00eda, ser\u00e1 interesante ver como la investigaci\u00f3n progresa hasta llegar a punto de que ser\u00e1 utilizado normal y regulada ante tratar la depresi\u00f3n. Si en este momento estas escuchando este podcast, y conoces a alguien que padece de depresi\u00f3n, o tu mismo estas sufriendo de los s\u00edntomas depresivos, prove\u00ed un link en el bio del podcast para el que lo necesite pues pueda llenar la informaci\u00f3n y tengas la ayuda profesional necesaria para resolver sus pensamientos. Yo quiero que sepas que tu no estas solo. Tu eres amado y querido y eres importante en esta vida.&nbsp;<\/p>\n<\/div>\n\n\n\n<div class=\"wp-block-column is-layout-flow wp-block-column-is-layout-flow\" style=\"flex-basis:25%\"><\/div>\n<\/div>\n","protected":false},"excerpt":{"rendered":"<p>Title: Antidepresivos By Julianna Qui\u00f1ones Arill Julianna Qui\u00f1ones Arill University of Puerto Rico, Rio Piedras CampusFaculty: Natural ScienceBaccalaureate: Molecular Cell Biology Year: 4th Transcript (in spanish) \u00a1Saludos mi gente! Mi nombre es Julianna Qui\u00f1ones Arill, estudiante de Biolog\u00eda Molecular de la Universidad de Puerto Rico, Recinto de Rio Piedras, y en el segmento de hoy, &hellip; <\/p>\n<p class=\"link-more\"><a href=\"https:\/\/neuroid.uprrp.edu\/index.php\/podcast-7\/\" class=\"more-link\">Read more<span class=\"screen-reader-text\"> &#8220;Podcast 7&#8221;<\/span><\/a><\/p>\n","protected":false},"author":2,"featured_media":0,"parent":0,"menu_order":0,"comment_status":"closed","ping_status":"closed","template":"","meta":{"footnotes":""},"class_list":["post-5993","page","type-page","status-publish","hentry"],"rttpg_featured_image_url":null,"rttpg_author":{"display_name":"NeuroID Program","author_link":"https:\/\/neuroid.uprrp.edu\/index.php\/author\/neuroid\/"},"rttpg_comment":0,"rttpg_category":null,"rttpg_excerpt":"Title: Antidepresivos By Julianna Qui\u00f1ones Arill Julianna Qui\u00f1ones Arill University of Puerto Rico, Rio Piedras CampusFaculty: Natural ScienceBaccalaureate: Molecular Cell Biology Year: 4th Transcript (in spanish) \u00a1Saludos mi gente! Mi nombre es Julianna Qui\u00f1ones Arill, estudiante de Biolog\u00eda Molecular de la Universidad de Puerto Rico, Recinto de Rio Piedras, y en el segmento de hoy,&hellip;","_links":{"self":[{"href":"https:\/\/neuroid.uprrp.edu\/index.php\/wp-json\/wp\/v2\/pages\/5993","targetHints":{"allow":["GET"]}}],"collection":[{"href":"https:\/\/neuroid.uprrp.edu\/index.php\/wp-json\/wp\/v2\/pages"}],"about":[{"href":"https:\/\/neuroid.uprrp.edu\/index.php\/wp-json\/wp\/v2\/types\/page"}],"author":[{"embeddable":true,"href":"https:\/\/neuroid.uprrp.edu\/index.php\/wp-json\/wp\/v2\/users\/2"}],"replies":[{"embeddable":true,"href":"https:\/\/neuroid.uprrp.edu\/index.php\/wp-json\/wp\/v2\/comments?post=5993"}],"version-history":[{"count":12,"href":"https:\/\/neuroid.uprrp.edu\/index.php\/wp-json\/wp\/v2\/pages\/5993\/revisions"}],"predecessor-version":[{"id":6058,"href":"https:\/\/neuroid.uprrp.edu\/index.php\/wp-json\/wp\/v2\/pages\/5993\/revisions\/6058"}],"wp:attachment":[{"href":"https:\/\/neuroid.uprrp.edu\/index.php\/wp-json\/wp\/v2\/media?parent=5993"}],"curies":[{"name":"wp","href":"https:\/\/api.w.org\/{rel}","templated":true}]}}