{"id":6357,"date":"2021-09-08T13:30:14","date_gmt":"2021-09-08T17:30:14","guid":{"rendered":"https:\/\/neuroid.uprrp.edu\/?page_id=6357"},"modified":"2021-09-08T13:45:42","modified_gmt":"2021-09-08T17:45:42","slug":"podcast-29-angel-torres","status":"publish","type":"page","link":"https:\/\/neuroid.uprrp.edu\/index.php\/podcast-29-angel-torres\/","title":{"rendered":"Podcast 29"},"content":{"rendered":"\n<p style=\"font-size:clamp(15.747px, 0.984rem + ((1vw - 3.2px) * 0.73), 24px);px\">Title: &#8220;Antipsic\u00f3ticos at\u00edpicos: y los efectos que estos pueden tener en la salud de los pacientes&#8221;<\/p>\n\n\n\n<p>By \u00c1ngel A. Torres <\/p>\n\n\n\n<div style=\"height:25px\" aria-hidden=\"true\" class=\"wp-block-spacer\"><\/div>\n\n\n\n<div class=\"wp-block-cover alignwide has-background-dim-30 has-neve-link-color-background-color has-background-dim has-custom-content-position is-position-center-left is-position-center-center\" style=\"min-height:250px;aspect-ratio:unset;\"><img fetchpriority=\"high\" decoding=\"async\" width=\"2000\" height=\"1125\" class=\"wp-block-cover__image-background wp-image-5743\" alt=\"\" src=\"https:\/\/neuroid.uprrp.edu\/wp-content\/uploads\/2021\/07\/Podcastbackground.png\" style=\"object-position:7% 61%\" data-object-fit=\"cover\" data-object-position=\"7% 61%\" srcset=\"https:\/\/neuroid.uprrp.edu\/wp-content\/uploads\/2021\/07\/Podcastbackground.png 2000w, https:\/\/neuroid.uprrp.edu\/wp-content\/uploads\/2021\/07\/Podcastbackground-300x169.png 300w, https:\/\/neuroid.uprrp.edu\/wp-content\/uploads\/2021\/07\/Podcastbackground-1024x576.png 1024w, https:\/\/neuroid.uprrp.edu\/wp-content\/uploads\/2021\/07\/Podcastbackground-768x432.png 768w, https:\/\/neuroid.uprrp.edu\/wp-content\/uploads\/2021\/07\/Podcastbackground-1536x864.png 1536w\" sizes=\"(max-width: 2000px) 100vw, 2000px\" \/><div class=\"wp-block-cover__inner-container is-layout-flow wp-block-cover-is-layout-flow\">\n<div style=\"height:28px\" aria-hidden=\"true\" class=\"wp-block-spacer\"><\/div>\n\n\n\n<div class=\"wp-block-columns is-layout-flex wp-container-core-columns-is-layout-28f84493 wp-block-columns-is-layout-flex\">\n<div class=\"wp-block-column is-layout-flow wp-block-column-is-layout-flow\" style=\"flex-basis:35%\">\n<div style=\"height:57px\" aria-hidden=\"true\" class=\"wp-block-spacer\"><\/div>\n\n\n\n<div class=\"wp-block-image\"><figure class=\"aligncenter size-large is-resized\"><img decoding=\"async\" src=\"https:\/\/neuroid.uprrp.edu\/wp-content\/uploads\/2021\/09\/Screen-Shot-2021-09-08-at-1.15.13-PM.png\" alt=\"\" class=\"wp-image-6360\" width=\"285\" height=\"285\" srcset=\"https:\/\/neuroid.uprrp.edu\/wp-content\/uploads\/2021\/09\/Screen-Shot-2021-09-08-at-1.15.13-PM.png 380w, https:\/\/neuroid.uprrp.edu\/wp-content\/uploads\/2021\/09\/Screen-Shot-2021-09-08-at-1.15.13-PM-300x300.png 300w, https:\/\/neuroid.uprrp.edu\/wp-content\/uploads\/2021\/09\/Screen-Shot-2021-09-08-at-1.15.13-PM-150x150.png 150w, https:\/\/neuroid.uprrp.edu\/wp-content\/uploads\/2021\/09\/Screen-Shot-2021-09-08-at-1.15.13-PM-45x45.png 45w\" sizes=\"(max-width: 285px) 100vw, 285px\" \/><\/figure><\/div>\n<\/div>\n\n\n\n<div class=\"wp-block-column is-layout-flow wp-block-column-is-layout-flow\" style=\"flex-basis:50%\">\n<div style=\"height:79px\" aria-hidden=\"true\" class=\"wp-block-spacer\"><\/div>\n\n\n\n<p class=\"has-nv-dark-bg-color has-text-color has-large-font-size\">Antipsic\u00f3ticos at\u00edpicos: y los<\/p>\n\n\n\n<p class=\"has-nv-dark-bg-color has-text-color has-large-font-size\">efectos que estos pueden tener<\/p>\n\n\n\n<p class=\"has-nv-dark-bg-color has-text-color has-large-font-size\">en la salud de los pacientes<\/p>\n\n\n\n<div style=\"height:21px\" aria-hidden=\"true\" class=\"wp-block-spacer\"><\/div>\n\n\n\n<p class=\"has-nv-dark-bg-color has-text-color\" style=\"font-size:clamp(14px, 0.875rem + ((1vw - 3.2px) * 0.088), 15px);px\"><em>Los antipsic\u00f3ticos son utilizados principalmente para tratar psicosis, esquizofrenia entre otros trastornos psic\u00f3ticos&#8230;<\/em><\/p>\n\n\n\n<div style=\"height:19px\" aria-hidden=\"true\" class=\"wp-block-spacer\"><\/div>\n\n\n\n<div class=\"wp-block-columns is-layout-flex wp-container-core-columns-is-layout-28f84493 wp-block-columns-is-layout-flex\">\n<div class=\"wp-block-column is-layout-flow wp-block-column-is-layout-flow\">\n<figure class=\"wp-block-audio aligncenter\"><audio controls src=\"https:\/\/d3ctxlq1ktw2nl.cloudfront.net\/staging\/2021-8-8\/217298544-44100-2-8979f745efe71.m4a\"><\/audio><\/figure>\n\n\n\n<div style=\"height:17px\" aria-hidden=\"true\" class=\"wp-block-spacer\"><\/div>\n\n\n\n<div class=\"wp-block-buttons is-layout-flex wp-block-buttons-is-layout-flex\">\n<div class=\"wp-block-button\"><a class=\"wp-block-button__link has-neve-link-color-background-color has-background\" href=\"https:\/\/anchor.fm\/neuro-id-podcasts\/episodes\/Podcast-Antipsicticos-atpicos-y-los-efectos-que-estos-pueden-tener-en-la-salud-de-los-pacientes-e1737nf\" style=\"border-radius:50px\" target=\"_blank\" rel=\"noreferrer noopener\">Podcast audio<\/a><\/div>\n<\/div>\n<\/div>\n<\/div>\n<\/div>\n<\/div>\n<\/div><\/div>\n\n\n\n<div style=\"height:30px\" aria-hidden=\"true\" class=\"wp-block-spacer\"><\/div>\n\n\n\n<div class=\"wp-block-file aligncenter\"><a href=\"https:\/\/neuroid.uprrp.edu\/wp-content\/uploads\/2021\/09\/Antipsicoticos-atipicos.pptx.pdf\" target=\"_blank\" rel=\"noreferrer noopener\">Antipsic\u00f3ticos At\u00edpicos<\/a><a href=\"https:\/\/neuroid.uprrp.edu\/wp-content\/uploads\/2021\/09\/Antipsicoticos-atipicos.pptx.pdf\" class=\"wp-block-file__button\" download>OPEN PRESENTATION<\/a><\/div>\n\n\n\n<div style=\"height:47px\" aria-hidden=\"true\" class=\"wp-block-spacer\"><\/div>\n\n\n\n<hr class=\"wp-block-separator\"\/>\n\n\n\n<div class=\"wp-block-columns is-layout-flex wp-container-core-columns-is-layout-28f84493 wp-block-columns-is-layout-flex\">\n<div class=\"wp-block-column is-layout-flow wp-block-column-is-layout-flow\" style=\"flex-basis:15%\"><\/div>\n\n\n\n<div class=\"wp-block-column is-layout-flow wp-block-column-is-layout-flow\">\n<div style=\"height:48px\" aria-hidden=\"true\" class=\"wp-block-spacer\"><\/div>\n\n\n\n<div class=\"wp-block-columns is-layout-flex wp-container-core-columns-is-layout-28f84493 wp-block-columns-is-layout-flex\">\n<div class=\"wp-block-column is-vertically-aligned-center is-layout-flow wp-block-column-is-layout-flow\">\n<p class=\"has-text-align-center has-medium-font-size\">\u00c1ngel A. Torres L\u00f3pez<\/p>\n\n\n\n<p class=\"has-text-align-center\">University of Puerto Rico, Rio Piedras Campus<br>Faculty: Natural Science<br>Baccalaureate: Biology <\/p>\n<\/div>\n<\/div>\n<\/div>\n\n\n\n<div class=\"wp-block-column is-layout-flow wp-block-column-is-layout-flow\" style=\"flex-basis:15%\"><\/div>\n<\/div>\n\n\n\n<hr class=\"wp-block-separator\"\/>\n\n\n\n<div style=\"height:51px\" aria-hidden=\"true\" class=\"wp-block-spacer\"><\/div>\n\n\n\n<div class=\"wp-block-columns is-layout-flex wp-container-core-columns-is-layout-28f84493 wp-block-columns-is-layout-flex\">\n<div class=\"wp-block-column is-layout-flow wp-block-column-is-layout-flow\" style=\"flex-basis:25%\"><\/div>\n\n\n\n<div class=\"wp-block-column is-layout-flow wp-block-column-is-layout-flow\" style=\"flex-basis:50%\">\n<p style=\"font-size:clamp(18.434px, 1.152rem + ((1vw - 3.2px) * 0.935), 29px);px\">Transcript (spanish)<\/p>\n\n\n\n<p>Muy buenas tardes y bienvenidos a otro episodio de Neuro Talks con \u00c1ngel Torres, hoy vamos a estar hablando sobre los efectos que pueden tener los antipsic\u00f3ticos at\u00edpicos en la salud de los pacientes y por que debemos conocer estos efectos. Los antipsic\u00f3ticos son utilizados principalmente para tratar psicosis (enti\u00e9ndase delirios, alucinaciones, paranoia o trastornos del pensamiento), esquizofrenia entre otros trastornos psic\u00f3ticos. Actualmente existen dos tipos de antipsic\u00f3ticos, tenemos los de primera generaci\u00f3n tambi\u00e9n conocidos como antipsic\u00f3ticos t\u00edpicos. Por otra parte, tenemos a los de segunda generaci\u00f3n \u00f3 antipsic\u00f3ticos at\u00edpicos los cuales se diferencian de los t\u00edpicos por varias caracter\u00edsticas que discutiremos m\u00e1s adelante. Algunos de los antipsic\u00f3ticos t\u00edpicos m\u00e1s conocidos son: trifluperazina, pimozida, clorpromazina, flufenazina, haloperidol y flupentixol. Estos agentes llevan a cabo su funci\u00f3n al unirse con mayor afinidad que la dopamina al receptor de dopamina D2. Los antipsic\u00f3ticos t\u00edpicos funcionan como antagonistas del receptor de dopamina 2, provocando un efecto tranquilizante en el paciente. Se estima que el 60-80% de los receptores D2 deben estar ocupados para poder observar un efecto antipsic\u00f3tico. Solo para referencia, el haloperidol, un antipsic\u00f3tico t\u00edpico tiende a bloquear aproximadamente el 80% de los receptores D2 en dosis que var\u00edan de 2 a 5 mg por d\u00eda. <\/p>\n\n\n\n<p>No obstante, desde la introducci\u00f3n de antipsic\u00f3ticos de segunda generaci\u00f3n o at\u00edpicos (AAP), se ha buscado mejorar la falta de eficacia en algunos pacientes, falta de mejor\u00eda en los s\u00edntomas negativos y positivos, efectos adversos, especialmente s\u00edntomas extrapiramidales (EPS) y discinesia tard\u00eda (CTD)(Movimientos involuntarios). Estos agentes han sido utilizados, cada vez m\u00e1s y m\u00e1s para el tratamiento de pacientes con esquizofrenia, trastornos bipolares, trastornos psic\u00f3ticos o afecciones con alteraciones graves del comportamiento. Sin embargo, a medida que se introdujeron m\u00e1s agentes antipsic\u00f3ticos at\u00edpicos, la comercializaci\u00f3n y la literatura reciente denotaron otros elementos que se cree que contribuyen a la atipicidad de estos agentes. Estos elementos fueron: elevaci\u00f3n transitoria de los niveles de prolactina, eficacia en el tratamiento de los s\u00edntomas tanto positivos como negativos de la esquizofrenia, un mecanismo de acci\u00f3n que implica su uni\u00f3n al receptor de dopamina de tipo 2 (D2) l\u00edmbico espec\u00edfico funcionando como antagonista; el antagonismo del receptor de serotonina tipo 2 (5-HT2) en una alta proporci\u00f3n, especificidad sobre las neuronas dopamin\u00e9rgicas nigroestriatales y su eficacia en el tratamiento.<\/p>\n\n\n\n<p>Actualmente existen 6 antipsic\u00f3ticos at\u00edpicos utilizados comercialmente en los EEUU, estos son: clozapina que fue el primero utilizado en EEUU y actualmente se utiliza solamente en pacientes con una condici\u00f3n muy avanzada, risperidona, olanzapina, quetiapina, ziprasidona y aripiprazol. Todos estos se unen m\u00e1s d\u00e9bilmente que la dopamina al receptor de dopamina D2 y tienen constantes de disociaci\u00f3n m\u00e1s altas que las de la dopamina.<\/p>\n\n\n\n<p>Los pacientes con esquizofrenia sufren tasas mayores de una gamma de problemas m\u00e9dicos, debido a su estilo de vida; entre ellos, alta prevalencia de tabaquismo, dieta alta en grasas, negligencia inherente al cuidado personal y barreras para el tratamiento de enfermedades f\u00edsicas. Otro factor importante que contribuye a los resultados de salud adversos es el perfil de efectos secundarios de los medicamentos antipsic\u00f3ticos que consumen estos pacientes. Los psiquiatras se han dado cuenta gradualmente de que, si los s\u00edntomas extrapiramidales y la discinesia tard\u00eda ocurren con menos frecuencia con agentes at\u00edpicos, estos medicamentos pueden presentar un conjunto diferente de efectos adversos los cuales podr\u00edan poner en riesgo la salud del paciente. Diferentes investigadores se han dado la tarea de identificar cuales podr\u00edan ser estos efectos adversos y hasta ahora en la literatura se ha podido identificar que hay posibles efectos en la Reproducci\u00f3n. En un estudio llevado a cabo por Lee Cohen encontraron que solamente 1.4% de los reci\u00e9n nacidos experimentaron malformaci\u00f3n al sus madres consumir AAP. Los resultados sugieren que ser\u00eda poco probable que los antipsic\u00f3ticos de segunda generaci\u00f3n aumenten el riesgo de malformaciones importantes m\u00e1s de 10 veces m\u00e1s que el observado en la poblaci\u00f3n general o entre los grupos de control que usan otros medicamentos psicotr\u00f3picos. Por otra parte, pueden verse efectos negativos en el Ritmo Cardiaco. <\/p>\n\n\n\n<p>Las personas con trastorno bipolar o esquizofrenia viven entre 10 y 25 a\u00f1os menos que la poblaci\u00f3n general, y la causa m\u00e1s com\u00fan de muerte en este grupo de pacientes es precisamente las enfermedades cardiovasculares. En un estudio se identific\u00f3 que las reacciones adversas m\u00e1s frecuentes en este subgrupo fueron arritmias card\u00edacas, fibrilaci\u00f3n auricular, bradicardia o arritmias ventriculares. En alguno de los casos estas reacciones se daban debido la mezcla de medicamentos para enfermedades cardiovasculares y antipsic\u00f3ticos at\u00edpicos como ziprasidona. Tambi\u00e9n se ha visto que los AAP confieren un mayor riesgo de aumento de peso y se correlacionan con la inducci\u00f3n de dislipidemia y obesidad. Acompa\u00f1ado de activaci\u00f3n de la cascada hacia la resistencia a la insulina y la diabetes. Al igual que presenta un mayor riesgo de hiperlipidemia. En un meta-an\u00e1lisis comparativo se encontr\u00f3 que el uso de olanzapina se asoci\u00f3 con mayores aumentos en el colesterol s\u00e9rico m\u00e1s que aripiprazol, risperidona y ziprasidona. Un estudio proporcion\u00f3 una estimaci\u00f3n del aumento de peso medio en pacientes que recibieron dosis est\u00e1ndar de antipsic\u00f3ticos at\u00edpicos durante un per\u00edodo de 10 semanas: los aumentos medios fueron 4.45 kg con clozapina, 4.15 kg con olanzapina, 2.92 kg con sertindol, 2.10 kg con risperidona y 0.04 kg con ziprasidona.<\/p>\n\n\n\n<p>Otros efectos que podr\u00edan presentar los AAP son acatisia (sensaci\u00f3n de inquietud y tensi\u00f3n interna que se acompa\u00f1a de necesidad de moverse) o sedaci\u00f3n en los pacientes, pero esto podr\u00eda variar dependiendo del perfil m\u00e9dico del paciente.<\/p>\n\n\n\n<p>Es importante tambi\u00e9n, recalcar que otro posible efecto de estos agentes es la muerte. No obstante, dos estudios suecos identificaron que el aripiprazol est\u00e1 asociado con el menor riesgo de muerte. A su vez, Heidi Tiapale concluy\u00f3 en su estudio que el menor riesgo de muerte se observ\u00f3 durante los per\u00edodos de tiempo en los que los pacientes utilizaron una inyecci\u00f3n de acci\u00f3n prolongada de segunda generaci\u00f3n y no una administraci\u00f3n de dosis oral. Es por esto que es importante reconocer que, para optimizar el equilibrio entre la eficacia y la disminuci\u00f3n de efectos secundarios, es sumamente importante hacer coincidir la especificidad del medicamento con el perfil cl\u00ednico del paciente que recibir\u00e1 el tratamiento.<\/p>\n\n\n\n<p>Los antipsic\u00f3ticos at\u00edpicos en general tienen poca diferencia entre ellos en cuanto a eficacia; sin embargo, la prevalencia de sus efectos secundarios f\u00edsicos los distingue sustancialmente. Es importante entender que los AAP no son una clase de f\u00e1rmacos homog\u00e9nea; ya que, cada uno tiene perfiles de efectos secundarios caracter\u00edsticos y dominios de eficacia espec\u00edficos. Por lo tanto, al recetar antipsic\u00f3ticos at\u00edpicos, la mejor pr\u00e1ctica cl\u00ednica requerir\u00e1 hacer coincidir la especificidad del compuesto con las caracter\u00edsticas de diferentes subconjuntos de pacientes, es decir, las caracter\u00edsticas de la enfermedad y la vulnerabilidad a los efectos secundarios.<\/p>\n<\/div>\n\n\n\n<div class=\"wp-block-column is-layout-flow wp-block-column-is-layout-flow\" style=\"flex-basis:25%\"><\/div>\n<\/div>\n","protected":false},"excerpt":{"rendered":"<p>Title: &#8220;Antipsic\u00f3ticos at\u00edpicos: y los efectos que estos pueden tener en la salud de los pacientes&#8221; By \u00c1ngel A. Torres \u00c1ngel A. Torres L\u00f3pez University of Puerto Rico, Rio Piedras CampusFaculty: Natural ScienceBaccalaureate: Biology Transcript (spanish) Muy buenas tardes y bienvenidos a otro episodio de Neuro Talks con \u00c1ngel Torres, hoy vamos a estar hablando &hellip; <\/p>\n<p class=\"link-more\"><a href=\"https:\/\/neuroid.uprrp.edu\/index.php\/podcast-29-angel-torres\/\" class=\"more-link\">Read more<span class=\"screen-reader-text\"> &#8220;Podcast 29&#8221;<\/span><\/a><\/p>\n","protected":false},"author":5,"featured_media":0,"parent":0,"menu_order":0,"comment_status":"closed","ping_status":"closed","template":"","meta":{"footnotes":""},"class_list":["post-6357","page","type-page","status-publish","hentry"],"rttpg_featured_image_url":null,"rttpg_author":{"display_name":"admin","author_link":"https:\/\/neuroid.uprrp.edu\/index.php\/author\/admin\/"},"rttpg_comment":0,"rttpg_category":null,"rttpg_excerpt":"Title: &#8220;Antipsic\u00f3ticos at\u00edpicos: y los efectos que estos pueden tener en la salud de los pacientes&#8221; By \u00c1ngel A. Torres \u00c1ngel A. Torres L\u00f3pez University of Puerto Rico, Rio Piedras CampusFaculty: Natural ScienceBaccalaureate: Biology Transcript (spanish) Muy buenas tardes y bienvenidos a otro episodio de Neuro Talks con \u00c1ngel Torres, hoy vamos a estar hablando&hellip;","_links":{"self":[{"href":"https:\/\/neuroid.uprrp.edu\/index.php\/wp-json\/wp\/v2\/pages\/6357","targetHints":{"allow":["GET"]}}],"collection":[{"href":"https:\/\/neuroid.uprrp.edu\/index.php\/wp-json\/wp\/v2\/pages"}],"about":[{"href":"https:\/\/neuroid.uprrp.edu\/index.php\/wp-json\/wp\/v2\/types\/page"}],"author":[{"embeddable":true,"href":"https:\/\/neuroid.uprrp.edu\/index.php\/wp-json\/wp\/v2\/users\/5"}],"replies":[{"embeddable":true,"href":"https:\/\/neuroid.uprrp.edu\/index.php\/wp-json\/wp\/v2\/comments?post=6357"}],"version-history":[{"count":4,"href":"https:\/\/neuroid.uprrp.edu\/index.php\/wp-json\/wp\/v2\/pages\/6357\/revisions"}],"predecessor-version":[{"id":6368,"href":"https:\/\/neuroid.uprrp.edu\/index.php\/wp-json\/wp\/v2\/pages\/6357\/revisions\/6368"}],"wp:attachment":[{"href":"https:\/\/neuroid.uprrp.edu\/index.php\/wp-json\/wp\/v2\/media?parent=6357"}],"curies":[{"name":"wp","href":"https:\/\/api.w.org\/{rel}","templated":true}]}}