{"id":641,"date":"2015-10-05T13:22:23","date_gmt":"2015-10-05T13:22:23","guid":{"rendered":"http:\/\/neuroid.uprrp.edu\/wp\/?page_id=641"},"modified":"2015-10-08T20:34:10","modified_gmt":"2015-10-08T20:34:10","slug":"other-students","status":"publish","type":"page","link":"https:\/\/neuroid.uprrp.edu\/index.php\/members\/students\/other-students\/","title":{"rendered":"Former Students"},"content":{"rendered":"<p>[three_fourth]<\/p>\n<h2>2011-2013 Class (First Class)<\/h2>\n<p>[image animation=&#8221;left-to-right&#8221; size=&#8221;full&#8221; align=&#8221;aligncenter&#8221; alt=&#8221;&#8221; title=&#8221;&#8221;]http:\/\/neuroid.uprrp.edu\/wp-content\/uploads\/2015\/10\/201106_neuroid00.jpg[\/image]<\/p>\n<p>From left to right: Pablo J. Maldonado-C\u00e1tala, Gabriel E. Marrero-Rivera, Andrea Silva-Gotay, Edith Brignoni-P\u00e9rez, Lionel D. V\u00e1zquez-Figueroa &amp; Jaime III V\u00e1quer-Alicea.<\/p>\n<h2>2012-2014 Class<\/h2>\n<p>[image animation=&#8221;left-to-right&#8221; size=&#8221;full&#8221; align=&#8221;alignnone&#8221; alt=&#8221;&#8221; title=&#8221;&#8221;]http:\/\/neuroid.uprrp.edu\/wp-content\/uploads\/2015\/10\/201207_neuroid_class.jpg[\/image]<\/p>\n<p>[\/three_fourth]<\/p>\n<p>[one_fourth_last]<\/p>\n<div style=\"padding-bottom: 30px;\">\n<h3>Subpages<\/h3>\n<p>[list type=&#8221;icon-circle&#8221;]<\/p>\n<ul>\n<li><a href=\"\/wp\/index.php\/members\/students\/class-2015-2017\/\">Class 2015-2017<\/a><\/li>\n<li><a href=\"\/wp\/index.php\/members\/students\/class-2014-2016\/\">Class 2014-2016<\/a><\/li>\n<li><strong><a href=\"http:\/\/neuroid.uprrp.edu\/index.php\/other-students\/\">Former Students<\/a><\/strong><\/li>\n<\/ul>\n<p>[\/list]<\/p>\n<\/div>\n<p>[do_widget &#8220;recent posts extended&#8221;]<\/p>\n<p>[\/one_fourth_last]<\/p>\n<p>&nbsp;<\/p>\n","protected":false},"excerpt":{"rendered":"<p>[three_fourth] 2011-2013 Class (First Class) [image animation=&#8221;left-to-right&#8221; size=&#8221;full&#8221; align=&#8221;aligncenter&#8221; alt=&#8221;&#8221; title=&#8221;&#8221;]http:\/\/neuroid.uprrp.edu\/wp-content\/uploads\/2015\/10\/201106_neuroid00.jpg[\/image] From left to right: Pablo J. Maldonado-C\u00e1tala, Gabriel E. Marrero-Rivera, Andrea Silva-Gotay, Edith Brignoni-P\u00e9rez, Lionel D. V\u00e1zquez-Figueroa &amp; Jaime III V\u00e1quer-Alicea. 2012-2014 Class [image animation=&#8221;left-to-right&#8221; size=&#8221;full&#8221; align=&#8221;alignnone&#8221; alt=&#8221;&#8221; title=&#8221;&#8221;]http:\/\/neuroid.uprrp.edu\/wp-content\/uploads\/2015\/10\/201207_neuroid_class.jpg[\/image] [\/three_fourth] [one_fourth_last] Subpages [list type=&#8221;icon-circle&#8221;] Class 2015-2017 Class 2014-2016 Former Students [\/list] [do_widget &#8220;recent posts &hellip; <\/p>\n<p class=\"link-more\"><a href=\"https:\/\/neuroid.uprrp.edu\/index.php\/members\/students\/other-students\/\" class=\"more-link\">Read more<span class=\"screen-reader-text\"> &#8220;Former Students&#8221;<\/span><\/a><\/p>\n","protected":false},"author":2,"featured_media":0,"parent":259,"menu_order":0,"comment_status":"closed","ping_status":"closed","template":"","meta":{"footnotes":""},"class_list":["post-641","page","type-page","status-publish","hentry"],"rttpg_featured_image_url":null,"rttpg_author":{"display_name":"NeuroID Program","author_link":"https:\/\/neuroid.uprrp.edu\/index.php\/author\/neuroid\/"},"rttpg_comment":0,"rttpg_category":null,"rttpg_excerpt":"[three_fourth] 2011-2013 Class (First Class) [image animation=&#8221;left-to-right&#8221; size=&#8221;full&#8221; align=&#8221;aligncenter&#8221; alt=&#8221;&#8221; title=&#8221;&#8221;]http:\/\/neuroid.uprrp.edu\/wp-content\/uploads\/2015\/10\/201106_neuroid00.jpg[\/image] From left to right: Pablo J. Maldonado-C\u00e1tala, Gabriel E. Marrero-Rivera, Andrea Silva-Gotay, Edith Brignoni-P\u00e9rez, Lionel D. V\u00e1zquez-Figueroa &amp; Jaime III V\u00e1quer-Alicea. 2012-2014 Class [image animation=&#8221;left-to-right&#8221; size=&#8221;full&#8221; align=&#8221;alignnone&#8221; alt=&#8221;&#8221; title=&#8221;&#8221;]http:\/\/neuroid.uprrp.edu\/wp-content\/uploads\/2015\/10\/201207_neuroid_class.jpg[\/image] [\/three_fourth] [one_fourth_last] Subpages [list type=&#8221;icon-circle&#8221;] Class 2015-2017 Class 2014-2016 Former Students [\/list] [do_widget &#8220;recent posts&hellip;","_links":{"self":[{"href":"https:\/\/neuroid.uprrp.edu\/index.php\/wp-json\/wp\/v2\/pages\/641","targetHints":{"allow":["GET"]}}],"collection":[{"href":"https:\/\/neuroid.uprrp.edu\/index.php\/wp-json\/wp\/v2\/pages"}],"about":[{"href":"https:\/\/neuroid.uprrp.edu\/index.php\/wp-json\/wp\/v2\/types\/page"}],"author":[{"embeddable":true,"href":"https:\/\/neuroid.uprrp.edu\/index.php\/wp-json\/wp\/v2\/users\/2"}],"replies":[{"embeddable":true,"href":"https:\/\/neuroid.uprrp.edu\/index.php\/wp-json\/wp\/v2\/comments?post=641"}],"version-history":[{"count":9,"href":"https:\/\/neuroid.uprrp.edu\/index.php\/wp-json\/wp\/v2\/pages\/641\/revisions"}],"predecessor-version":[{"id":739,"href":"https:\/\/neuroid.uprrp.edu\/index.php\/wp-json\/wp\/v2\/pages\/641\/revisions\/739"}],"up":[{"embeddable":true,"href":"https:\/\/neuroid.uprrp.edu\/index.php\/wp-json\/wp\/v2\/pages\/259"}],"wp:attachment":[{"href":"https:\/\/neuroid.uprrp.edu\/index.php\/wp-json\/wp\/v2\/media?parent=641"}],"curies":[{"name":"wp","href":"https:\/\/api.w.org\/{rel}","templated":true}]}}