{"id":9513,"date":"2025-02-28T11:17:37","date_gmt":"2025-02-28T15:17:37","guid":{"rendered":"https:\/\/neuroid.uprrp.edu\/?page_id=9513"},"modified":"2025-03-31T15:56:38","modified_gmt":"2025-03-31T19:56:38","slug":"class-2023-2025","status":"publish","type":"page","link":"https:\/\/neuroid.uprrp.edu\/index.php\/class-2023-2025\/","title":{"rendered":"Class 13 (2023-2025)"},"content":{"rendered":"\t\t<div data-elementor-type=\"wp-page\" data-elementor-id=\"9513\" class=\"elementor elementor-9513\">\n\t\t\t\t\t\t<section class=\"elementor-section elementor-top-section elementor-element elementor-element-25ab829 elementor-section-boxed elementor-section-height-default elementor-section-height-default elementor-invisible\" data-id=\"25ab829\" data-element_type=\"section\" data-settings=\"{&quot;animation&quot;:&quot;fadeIn&quot;}\">\n\t\t\t\t\t\t<div class=\"elementor-container elementor-column-gap-default\">\n\t\t\t\t\t<div class=\"elementor-column elementor-col-25 elementor-top-column elementor-element elementor-element-2d1ab4c\" data-id=\"2d1ab4c\" data-element_type=\"column\">\n\t\t\t<div class=\"elementor-widget-wrap elementor-element-populated\">\n\t\t\t\t\t\t<div class=\"elementor-element elementor-element-97c0c92 elementor-widget elementor-widget-image\" data-id=\"97c0c92\" data-element_type=\"widget\" data-widget_type=\"image.default\">\n\t\t\t\t<div class=\"elementor-widget-container\">\n\t\t\t\t\t\t\t\t\t\t\t\t\t\t\t<img fetchpriority=\"high\" decoding=\"async\" width=\"950\" height=\"999\" src=\"https:\/\/neuroid.uprrp.edu\/wp-content\/uploads\/2025\/02\/Alejandro-Dueno.1-scaled-e1740754575844-974x1024.jpeg\" class=\"attachment-large size-large wp-image-9549\" alt=\"\" srcset=\"https:\/\/neuroid.uprrp.edu\/wp-content\/uploads\/2025\/02\/Alejandro-Dueno.1-scaled-e1740754575844-974x1024.jpeg 974w, https:\/\/neuroid.uprrp.edu\/wp-content\/uploads\/2025\/02\/Alejandro-Dueno.1-scaled-e1740754575844-285x300.jpeg 285w, https:\/\/neuroid.uprrp.edu\/wp-content\/uploads\/2025\/02\/Alejandro-Dueno.1-scaled-e1740754575844-1461x1536.jpeg 1461w, https:\/\/neuroid.uprrp.edu\/wp-content\/uploads\/2025\/02\/Alejandro-Dueno.1-scaled-e1740754575844-768x808.jpeg 768w, https:\/\/neuroid.uprrp.edu\/wp-content\/uploads\/2025\/02\/Alejandro-Dueno.1-scaled-e1740754575844.jpeg 1574w\" sizes=\"100vw\" \/>\t\t\t\t\t\t\t\t\t\t\t\t\t\t\t<\/div>\n\t\t\t\t<\/div>\n\t\t\t\t<div class=\"elementor-element elementor-element-a297760 elementor-widget elementor-widget-heading\" data-id=\"a297760\" data-element_type=\"widget\" data-widget_type=\"heading.default\">\n\t\t\t\t<div class=\"elementor-widget-container\">\n\t\t\t\t\t<h2 class=\"elementor-heading-title elementor-size-default\">Alejandro I. Due\u00f1o-Sosa<\/h2>\t\t\t\t<\/div>\n\t\t\t\t<\/div>\n\t\t\t\t<div class=\"elementor-element elementor-element-f8fd08b elementor-align-center elementor-widget elementor-widget-button\" data-id=\"f8fd08b\" data-element_type=\"widget\" data-widget_type=\"button.default\">\n\t\t\t\t<div class=\"elementor-widget-container\">\n\t\t\t\t\t\t\t\t\t<div class=\"elementor-button-wrapper\">\n\t\t\t\t\t<a class=\"elementor-button elementor-button-link elementor-size-sm\" href=\"https:\/\/neuroid.uprrp.edu\/index.php\/alejandro-dueno-sosa-class-13\/\" target=\"_blank\">\n\t\t\t\t\t\t<span class=\"elementor-button-content-wrapper\">\n\t\t\t\t\t\t\t\t\t<span class=\"elementor-button-text\">Profile<\/span>\n\t\t\t\t\t<\/span>\n\t\t\t\t\t<\/a>\n\t\t\t\t<\/div>\n\t\t\t\t\t\t\t\t<\/div>\n\t\t\t\t<\/div>\n\t\t\t\t\t<\/div>\n\t\t<\/div>\n\t\t\t\t<div class=\"elementor-column elementor-col-25 elementor-top-column elementor-element elementor-element-6cb3dec\" data-id=\"6cb3dec\" data-element_type=\"column\">\n\t\t\t<div class=\"elementor-widget-wrap elementor-element-populated\">\n\t\t\t\t\t\t<div class=\"elementor-element elementor-element-564e978 elementor-widget elementor-widget-image\" data-id=\"564e978\" data-element_type=\"widget\" data-widget_type=\"image.default\">\n\t\t\t\t<div class=\"elementor-widget-container\">\n\t\t\t\t\t\t\t\t\t\t\t\t\t\t\t<img decoding=\"async\" width=\"950\" height=\"999\" src=\"https:\/\/neuroid.uprrp.edu\/wp-content\/uploads\/2025\/02\/Angelica-Cruz.1-scaled-e1740755922211-974x1024.jpeg\" class=\"attachment-large size-large wp-image-9569\" alt=\"\" srcset=\"https:\/\/neuroid.uprrp.edu\/wp-content\/uploads\/2025\/02\/Angelica-Cruz.1-scaled-e1740755922211-974x1024.jpeg 974w, https:\/\/neuroid.uprrp.edu\/wp-content\/uploads\/2025\/02\/Angelica-Cruz.1-scaled-e1740755922211-285x300.jpeg 285w, https:\/\/neuroid.uprrp.edu\/wp-content\/uploads\/2025\/02\/Angelica-Cruz.1-scaled-e1740755922211-768x808.jpeg 768w, https:\/\/neuroid.uprrp.edu\/wp-content\/uploads\/2025\/02\/Angelica-Cruz.1-scaled-e1740755922211-1461x1536.jpeg 1461w, https:\/\/neuroid.uprrp.edu\/wp-content\/uploads\/2025\/02\/Angelica-Cruz.1-scaled-e1740755922211.jpeg 1574w\" sizes=\"100vw\" \/>\t\t\t\t\t\t\t\t\t\t\t\t\t\t\t<\/div>\n\t\t\t\t<\/div>\n\t\t\t\t<div class=\"elementor-element elementor-element-9fe6876 elementor-widget elementor-widget-heading\" data-id=\"9fe6876\" data-element_type=\"widget\" data-widget_type=\"heading.default\">\n\t\t\t\t<div class=\"elementor-widget-container\">\n\t\t\t\t\t<h2 class=\"elementor-heading-title elementor-size-default\">Ang\u00e9lica S. Cruz-Calder\u00f3n<\/h2>\t\t\t\t<\/div>\n\t\t\t\t<\/div>\n\t\t\t\t<div class=\"elementor-element elementor-element-333f12a elementor-align-center elementor-widget elementor-widget-button\" data-id=\"333f12a\" data-element_type=\"widget\" data-widget_type=\"button.default\">\n\t\t\t\t<div class=\"elementor-widget-container\">\n\t\t\t\t\t\t\t\t\t<div class=\"elementor-button-wrapper\">\n\t\t\t\t\t<a class=\"elementor-button elementor-button-link elementor-size-sm\" href=\"https:\/\/neuroid.uprrp.edu\/index.php\/angelica-s-cruz-calderon-2023-2025\/\" target=\"_blank\">\n\t\t\t\t\t\t<span class=\"elementor-button-content-wrapper\">\n\t\t\t\t\t\t\t\t\t<span class=\"elementor-button-text\">Profile<\/span>\n\t\t\t\t\t<\/span>\n\t\t\t\t\t<\/a>\n\t\t\t\t<\/div>\n\t\t\t\t\t\t\t\t<\/div>\n\t\t\t\t<\/div>\n\t\t\t\t\t<\/div>\n\t\t<\/div>\n\t\t\t\t<div class=\"elementor-column elementor-col-25 elementor-top-column elementor-element elementor-element-c3b2afe\" data-id=\"c3b2afe\" data-element_type=\"column\">\n\t\t\t<div class=\"elementor-widget-wrap elementor-element-populated\">\n\t\t\t\t\t\t<div class=\"elementor-element elementor-element-d504aff elementor-widget elementor-widget-image\" data-id=\"d504aff\" data-element_type=\"widget\" data-widget_type=\"image.default\">\n\t\t\t\t<div class=\"elementor-widget-container\">\n\t\t\t\t\t\t\t\t\t\t\t\t\t\t\t<img decoding=\"async\" width=\"950\" height=\"999\" src=\"https:\/\/neuroid.uprrp.edu\/wp-content\/uploads\/2025\/02\/Daniela-Umana.1-scaled-e1740755962699-974x1024.jpeg\" class=\"attachment-large size-large wp-image-9570\" alt=\"\" srcset=\"https:\/\/neuroid.uprrp.edu\/wp-content\/uploads\/2025\/02\/Daniela-Umana.1-scaled-e1740755962699-974x1024.jpeg 974w, https:\/\/neuroid.uprrp.edu\/wp-content\/uploads\/2025\/02\/Daniela-Umana.1-scaled-e1740755962699-285x300.jpeg 285w, https:\/\/neuroid.uprrp.edu\/wp-content\/uploads\/2025\/02\/Daniela-Umana.1-scaled-e1740755962699-768x808.jpeg 768w, https:\/\/neuroid.uprrp.edu\/wp-content\/uploads\/2025\/02\/Daniela-Umana.1-scaled-e1740755962699-1461x1536.jpeg 1461w, https:\/\/neuroid.uprrp.edu\/wp-content\/uploads\/2025\/02\/Daniela-Umana.1-scaled-e1740755962699.jpeg 1574w\" sizes=\"100vw\" \/>\t\t\t\t\t\t\t\t\t\t\t\t\t\t\t<\/div>\n\t\t\t\t<\/div>\n\t\t\t\t<div class=\"elementor-element elementor-element-0c1da40 elementor-widget elementor-widget-heading\" data-id=\"0c1da40\" data-element_type=\"widget\" data-widget_type=\"heading.default\">\n\t\t\t\t<div class=\"elementor-widget-container\">\n\t\t\t\t\t<h2 class=\"elementor-heading-title elementor-size-default\">Daniela Uma\u00f1a-Rodr\u00edguez<\/h2>\t\t\t\t<\/div>\n\t\t\t\t<\/div>\n\t\t\t\t<div class=\"elementor-element elementor-element-6899242 elementor-align-center elementor-widget elementor-widget-button\" data-id=\"6899242\" data-element_type=\"widget\" data-widget_type=\"button.default\">\n\t\t\t\t<div class=\"elementor-widget-container\">\n\t\t\t\t\t\t\t\t\t<div class=\"elementor-button-wrapper\">\n\t\t\t\t\t<a class=\"elementor-button elementor-button-link elementor-size-sm\" href=\"https:\/\/neuroid.uprrp.edu\/index.php\/daniela-umana-rodriguez-class-13\/\" target=\"_blank\">\n\t\t\t\t\t\t<span class=\"elementor-button-content-wrapper\">\n\t\t\t\t\t\t\t\t\t<span class=\"elementor-button-text\">Profile<\/span>\n\t\t\t\t\t<\/span>\n\t\t\t\t\t<\/a>\n\t\t\t\t<\/div>\n\t\t\t\t\t\t\t\t<\/div>\n\t\t\t\t<\/div>\n\t\t\t\t\t<\/div>\n\t\t<\/div>\n\t\t\t\t<div class=\"elementor-column elementor-col-25 elementor-top-column elementor-element elementor-element-81a34a8\" data-id=\"81a34a8\" data-element_type=\"column\">\n\t\t\t<div class=\"elementor-widget-wrap elementor-element-populated\">\n\t\t\t\t\t\t<div class=\"elementor-element elementor-element-fad9604 elementor-widget elementor-widget-image\" data-id=\"fad9604\" data-element_type=\"widget\" data-widget_type=\"image.default\">\n\t\t\t\t<div class=\"elementor-widget-container\">\n\t\t\t\t\t\t\t\t\t\t\t\t\t\t\t<img loading=\"lazy\" decoding=\"async\" width=\"950\" height=\"999\" src=\"https:\/\/neuroid.uprrp.edu\/wp-content\/uploads\/2025\/02\/Fabiana-Rosado.1-scaled-e1740755992546-974x1024.jpeg\" class=\"attachment-large size-large wp-image-9557\" alt=\"\" srcset=\"https:\/\/neuroid.uprrp.edu\/wp-content\/uploads\/2025\/02\/Fabiana-Rosado.1-scaled-e1740755992546-974x1024.jpeg 974w, https:\/\/neuroid.uprrp.edu\/wp-content\/uploads\/2025\/02\/Fabiana-Rosado.1-scaled-e1740755992546-285x300.jpeg 285w, https:\/\/neuroid.uprrp.edu\/wp-content\/uploads\/2025\/02\/Fabiana-Rosado.1-scaled-e1740755992546-1461x1536.jpeg 1461w, https:\/\/neuroid.uprrp.edu\/wp-content\/uploads\/2025\/02\/Fabiana-Rosado.1-scaled-e1740755992546-768x808.jpeg 768w, https:\/\/neuroid.uprrp.edu\/wp-content\/uploads\/2025\/02\/Fabiana-Rosado.1-scaled-e1740755992546.jpeg 1574w\" sizes=\"100vw\" \/>\t\t\t\t\t\t\t\t\t\t\t\t\t\t\t<\/div>\n\t\t\t\t<\/div>\n\t\t\t\t<div class=\"elementor-element elementor-element-136a901 elementor-widget elementor-widget-heading\" data-id=\"136a901\" data-element_type=\"widget\" data-widget_type=\"heading.default\">\n\t\t\t\t<div class=\"elementor-widget-container\">\n\t\t\t\t\t<h2 class=\"elementor-heading-title elementor-size-default\">Fabiana Z. Rosado-Rodr\u00edguez<\/h2>\t\t\t\t<\/div>\n\t\t\t\t<\/div>\n\t\t\t\t<div class=\"elementor-element elementor-element-d7a2037 elementor-align-center elementor-widget elementor-widget-button\" data-id=\"d7a2037\" data-element_type=\"widget\" data-widget_type=\"button.default\">\n\t\t\t\t<div class=\"elementor-widget-container\">\n\t\t\t\t\t\t\t\t\t<div class=\"elementor-button-wrapper\">\n\t\t\t\t\t<a class=\"elementor-button elementor-button-link elementor-size-sm\" href=\"https:\/\/neuroid.uprrp.edu\/index.php\/fabiana-z-rosado-rodriguez-2023-2025\/\" target=\"_blank\">\n\t\t\t\t\t\t<span class=\"elementor-button-content-wrapper\">\n\t\t\t\t\t\t\t\t\t<span class=\"elementor-button-text\">Profile<\/span>\n\t\t\t\t\t<\/span>\n\t\t\t\t\t<\/a>\n\t\t\t\t<\/div>\n\t\t\t\t\t\t\t\t<\/div>\n\t\t\t\t<\/div>\n\t\t\t\t\t<\/div>\n\t\t<\/div>\n\t\t\t\t\t<\/div>\n\t\t<\/section>\n\t\t\t\t<section class=\"elementor-section elementor-top-section elementor-element elementor-element-98232e2 elementor-section-boxed elementor-section-height-default elementor-section-height-default\" data-id=\"98232e2\" data-element_type=\"section\">\n\t\t\t\t\t\t<div class=\"elementor-container elementor-column-gap-default\">\n\t\t\t\t\t<div class=\"elementor-column elementor-col-100 elementor-top-column elementor-element elementor-element-1a48664\" data-id=\"1a48664\" data-element_type=\"column\">\n\t\t\t<div class=\"elementor-widget-wrap elementor-element-populated\">\n\t\t\t\t\t\t<div class=\"elementor-element elementor-element-33de45b elementor-widget elementor-widget-spacer\" data-id=\"33de45b\" data-element_type=\"widget\" data-widget_type=\"spacer.default\">\n\t\t\t\t<div class=\"elementor-widget-container\">\n\t\t\t\t\t\t\t<div class=\"elementor-spacer\">\n\t\t\t<div class=\"elementor-spacer-inner\"><\/div>\n\t\t<\/div>\n\t\t\t\t\t\t<\/div>\n\t\t\t\t<\/div>\n\t\t\t\t\t<\/div>\n\t\t<\/div>\n\t\t\t\t\t<\/div>\n\t\t<\/section>\n\t\t\t\t<section class=\"elementor-section elementor-top-section elementor-element elementor-element-4cee148 elementor-section-boxed elementor-section-height-default elementor-section-height-default elementor-invisible\" data-id=\"4cee148\" data-element_type=\"section\" data-settings=\"{&quot;animation&quot;:&quot;fadeIn&quot;}\">\n\t\t\t\t\t\t<div class=\"elementor-container elementor-column-gap-default\">\n\t\t\t\t\t<div class=\"elementor-column elementor-col-25 elementor-top-column elementor-element elementor-element-cd895ce\" data-id=\"cd895ce\" data-element_type=\"column\">\n\t\t\t<div class=\"elementor-widget-wrap elementor-element-populated\">\n\t\t\t\t\t\t<div class=\"elementor-element elementor-element-2896b15 elementor-widget elementor-widget-image\" data-id=\"2896b15\" data-element_type=\"widget\" data-widget_type=\"image.default\">\n\t\t\t\t<div class=\"elementor-widget-container\">\n\t\t\t\t\t\t\t\t\t\t\t\t\t\t\t<img loading=\"lazy\" decoding=\"async\" width=\"950\" height=\"999\" src=\"https:\/\/neuroid.uprrp.edu\/wp-content\/uploads\/2025\/02\/Giancarlo-Tirado.1-scaled-e1740756389690-974x1024.jpeg\" class=\"attachment-large size-large wp-image-9558\" alt=\"\" srcset=\"https:\/\/neuroid.uprrp.edu\/wp-content\/uploads\/2025\/02\/Giancarlo-Tirado.1-scaled-e1740756389690-974x1024.jpeg 974w, https:\/\/neuroid.uprrp.edu\/wp-content\/uploads\/2025\/02\/Giancarlo-Tirado.1-scaled-e1740756389690-285x300.jpeg 285w, https:\/\/neuroid.uprrp.edu\/wp-content\/uploads\/2025\/02\/Giancarlo-Tirado.1-scaled-e1740756389690-1461x1536.jpeg 1461w, https:\/\/neuroid.uprrp.edu\/wp-content\/uploads\/2025\/02\/Giancarlo-Tirado.1-scaled-e1740756389690-768x808.jpeg 768w, https:\/\/neuroid.uprrp.edu\/wp-content\/uploads\/2025\/02\/Giancarlo-Tirado.1-scaled-e1740756389690.jpeg 1574w\" sizes=\"100vw\" \/>\t\t\t\t\t\t\t\t\t\t\t\t\t\t\t<\/div>\n\t\t\t\t<\/div>\n\t\t\t\t<div class=\"elementor-element elementor-element-0dabc05 elementor-widget elementor-widget-heading\" data-id=\"0dabc05\" data-element_type=\"widget\" data-widget_type=\"heading.default\">\n\t\t\t\t<div class=\"elementor-widget-container\">\n\t\t\t\t\t<h2 class=\"elementor-heading-title elementor-size-default\">Giancarlo Tirado-Acevedo<\/h2>\t\t\t\t<\/div>\n\t\t\t\t<\/div>\n\t\t\t\t<div class=\"elementor-element elementor-element-86ce859 elementor-align-center elementor-widget elementor-widget-button\" data-id=\"86ce859\" data-element_type=\"widget\" data-widget_type=\"button.default\">\n\t\t\t\t<div class=\"elementor-widget-container\">\n\t\t\t\t\t\t\t\t\t<div class=\"elementor-button-wrapper\">\n\t\t\t\t\t<a class=\"elementor-button elementor-button-link elementor-size-sm\" href=\"https:\/\/neuroid.uprrp.edu\/index.php\/giancarlo-tirado-acevedo-2023-2025\/\" target=\"_blank\">\n\t\t\t\t\t\t<span class=\"elementor-button-content-wrapper\">\n\t\t\t\t\t\t\t\t\t<span class=\"elementor-button-text\">Profile<\/span>\n\t\t\t\t\t<\/span>\n\t\t\t\t\t<\/a>\n\t\t\t\t<\/div>\n\t\t\t\t\t\t\t\t<\/div>\n\t\t\t\t<\/div>\n\t\t\t\t\t<\/div>\n\t\t<\/div>\n\t\t\t\t<div class=\"elementor-column elementor-col-25 elementor-top-column elementor-element elementor-element-a43eb28\" data-id=\"a43eb28\" data-element_type=\"column\">\n\t\t\t<div class=\"elementor-widget-wrap elementor-element-populated\">\n\t\t\t\t\t\t<div class=\"elementor-element elementor-element-e6792cd elementor-widget elementor-widget-image\" data-id=\"e6792cd\" data-element_type=\"widget\" data-widget_type=\"image.default\">\n\t\t\t\t<div class=\"elementor-widget-container\">\n\t\t\t\t\t\t\t\t\t\t\t\t\t\t\t<img loading=\"lazy\" decoding=\"async\" width=\"950\" height=\"999\" src=\"https:\/\/neuroid.uprrp.edu\/wp-content\/uploads\/2025\/02\/IMG_9531-1-scaled-e1740750377906-974x1024.jpeg\" class=\"attachment-large size-large wp-image-9522\" alt=\"\" srcset=\"https:\/\/neuroid.uprrp.edu\/wp-content\/uploads\/2025\/02\/IMG_9531-1-scaled-e1740750377906-974x1024.jpeg 974w, https:\/\/neuroid.uprrp.edu\/wp-content\/uploads\/2025\/02\/IMG_9531-1-scaled-e1740750377906-285x300.jpeg 285w, https:\/\/neuroid.uprrp.edu\/wp-content\/uploads\/2025\/02\/IMG_9531-1-scaled-e1740750377906-1461x1536.jpeg 1461w, https:\/\/neuroid.uprrp.edu\/wp-content\/uploads\/2025\/02\/IMG_9531-1-scaled-e1740750377906-768x808.jpeg 768w, https:\/\/neuroid.uprrp.edu\/wp-content\/uploads\/2025\/02\/IMG_9531-1-scaled-e1740750377906.jpeg 1574w\" sizes=\"100vw\" \/>\t\t\t\t\t\t\t\t\t\t\t\t\t\t\t<\/div>\n\t\t\t\t<\/div>\n\t\t\t\t<div class=\"elementor-element elementor-element-890bc1d elementor-widget elementor-widget-heading\" data-id=\"890bc1d\" data-element_type=\"widget\" data-widget_type=\"heading.default\">\n\t\t\t\t<div class=\"elementor-widget-container\">\n\t\t\t\t\t<h2 class=\"elementor-heading-title elementor-size-default\">Hector Gabriel Haddock-Mart\u00ednez<\/h2>\t\t\t\t<\/div>\n\t\t\t\t<\/div>\n\t\t\t\t<div class=\"elementor-element elementor-element-b987176 elementor-align-center elementor-widget elementor-widget-button\" data-id=\"b987176\" data-element_type=\"widget\" data-widget_type=\"button.default\">\n\t\t\t\t<div class=\"elementor-widget-container\">\n\t\t\t\t\t\t\t\t\t<div class=\"elementor-button-wrapper\">\n\t\t\t\t\t<a class=\"elementor-button elementor-button-link elementor-size-sm\" href=\"https:\/\/neuroid.uprrp.edu\/index.php\/hector-gabriel-haddock-martinez-2023-2025\/\" target=\"_blank\">\n\t\t\t\t\t\t<span class=\"elementor-button-content-wrapper\">\n\t\t\t\t\t\t\t\t\t<span class=\"elementor-button-text\">Profile<\/span>\n\t\t\t\t\t<\/span>\n\t\t\t\t\t<\/a>\n\t\t\t\t<\/div>\n\t\t\t\t\t\t\t\t<\/div>\n\t\t\t\t<\/div>\n\t\t\t\t\t<\/div>\n\t\t<\/div>\n\t\t\t\t<div class=\"elementor-column elementor-col-25 elementor-top-column elementor-element elementor-element-ffbe0d7\" data-id=\"ffbe0d7\" data-element_type=\"column\">\n\t\t\t<div class=\"elementor-widget-wrap elementor-element-populated\">\n\t\t\t\t\t\t<div class=\"elementor-element elementor-element-95c3ab1 elementor-widget elementor-widget-image\" data-id=\"95c3ab1\" data-element_type=\"widget\" data-widget_type=\"image.default\">\n\t\t\t\t<div class=\"elementor-widget-container\">\n\t\t\t\t\t\t\t\t\t\t\t\t\t\t\t<img loading=\"lazy\" decoding=\"async\" width=\"950\" height=\"999\" src=\"https:\/\/neuroid.uprrp.edu\/wp-content\/uploads\/2025\/02\/IMG_9663-1-scaled-e1740515090897-974x1024.jpeg\" class=\"attachment-large size-large wp-image-9520\" alt=\"\" srcset=\"https:\/\/neuroid.uprrp.edu\/wp-content\/uploads\/2025\/02\/IMG_9663-1-scaled-e1740515090897-974x1024.jpeg 974w, https:\/\/neuroid.uprrp.edu\/wp-content\/uploads\/2025\/02\/IMG_9663-1-scaled-e1740515090897-285x300.jpeg 285w, https:\/\/neuroid.uprrp.edu\/wp-content\/uploads\/2025\/02\/IMG_9663-1-scaled-e1740515090897-768x808.jpeg 768w, https:\/\/neuroid.uprrp.edu\/wp-content\/uploads\/2025\/02\/IMG_9663-1-scaled-e1740515090897-1461x1536.jpeg 1461w, https:\/\/neuroid.uprrp.edu\/wp-content\/uploads\/2025\/02\/IMG_9663-1-scaled-e1740515090897.jpeg 1574w\" sizes=\"100vw\" \/>\t\t\t\t\t\t\t\t\t\t\t\t\t\t\t<\/div>\n\t\t\t\t<\/div>\n\t\t\t\t<div class=\"elementor-element elementor-element-e492f4e elementor-widget elementor-widget-heading\" data-id=\"e492f4e\" data-element_type=\"widget\" data-widget_type=\"heading.default\">\n\t\t\t\t<div class=\"elementor-widget-container\">\n\t\t\t\t\t<h2 class=\"elementor-heading-title elementor-size-default\">Luz B. Rivera-Agosto<\/h2>\t\t\t\t<\/div>\n\t\t\t\t<\/div>\n\t\t\t\t<div class=\"elementor-element elementor-element-c65ee97 elementor-align-center elementor-widget elementor-widget-button\" data-id=\"c65ee97\" data-element_type=\"widget\" data-widget_type=\"button.default\">\n\t\t\t\t<div class=\"elementor-widget-container\">\n\t\t\t\t\t\t\t\t\t<div class=\"elementor-button-wrapper\">\n\t\t\t\t\t<a class=\"elementor-button elementor-button-link elementor-size-sm\" href=\"https:\/\/neuroid.uprrp.edu\/index.php\/luz-b-rivera-agosto-2023-2024\/\" target=\"_blank\">\n\t\t\t\t\t\t<span class=\"elementor-button-content-wrapper\">\n\t\t\t\t\t\t\t\t\t<span class=\"elementor-button-text\">Profile<\/span>\n\t\t\t\t\t<\/span>\n\t\t\t\t\t<\/a>\n\t\t\t\t<\/div>\n\t\t\t\t\t\t\t\t<\/div>\n\t\t\t\t<\/div>\n\t\t\t\t\t<\/div>\n\t\t<\/div>\n\t\t\t\t<div class=\"elementor-column elementor-col-25 elementor-top-column elementor-element elementor-element-41828c5\" data-id=\"41828c5\" data-element_type=\"column\">\n\t\t\t<div class=\"elementor-widget-wrap elementor-element-populated\">\n\t\t\t\t\t\t<div class=\"elementor-element elementor-element-ea4d9a7 elementor-widget elementor-widget-image\" data-id=\"ea4d9a7\" data-element_type=\"widget\" data-widget_type=\"image.default\">\n\t\t\t\t<div class=\"elementor-widget-container\">\n\t\t\t\t\t\t\t\t\t\t\t\t\t\t\t<img loading=\"lazy\" decoding=\"async\" width=\"1574\" height=\"1655\" src=\"https:\/\/neuroid.uprrp.edu\/wp-content\/uploads\/2025\/02\/IMG_9716-scaled-e1740514963982.jpeg\" class=\"attachment-full size-full wp-image-9519\" alt=\"\" srcset=\"https:\/\/neuroid.uprrp.edu\/wp-content\/uploads\/2025\/02\/IMG_9716-scaled-e1740514963982.jpeg 1574w, https:\/\/neuroid.uprrp.edu\/wp-content\/uploads\/2025\/02\/IMG_9716-scaled-e1740514963982-285x300.jpeg 285w, https:\/\/neuroid.uprrp.edu\/wp-content\/uploads\/2025\/02\/IMG_9716-scaled-e1740514963982-974x1024.jpeg 974w, https:\/\/neuroid.uprrp.edu\/wp-content\/uploads\/2025\/02\/IMG_9716-scaled-e1740514963982-1461x1536.jpeg 1461w, https:\/\/neuroid.uprrp.edu\/wp-content\/uploads\/2025\/02\/IMG_9716-scaled-e1740514963982-768x808.jpeg 768w\" sizes=\"100vw\" \/>\t\t\t\t\t\t\t\t\t\t\t\t\t\t\t<\/div>\n\t\t\t\t<\/div>\n\t\t\t\t<div class=\"elementor-element elementor-element-7e8378b elementor-widget elementor-widget-heading\" data-id=\"7e8378b\" data-element_type=\"widget\" data-widget_type=\"heading.default\">\n\t\t\t\t<div class=\"elementor-widget-container\">\n\t\t\t\t\t<h2 class=\"elementor-heading-title elementor-size-default\">Omaris Y. De Pablo-Crespo<\/h2>\t\t\t\t<\/div>\n\t\t\t\t<\/div>\n\t\t\t\t<div class=\"elementor-element elementor-element-1b38e1c elementor-align-center elementor-widget elementor-widget-button\" data-id=\"1b38e1c\" data-element_type=\"widget\" data-widget_type=\"button.default\">\n\t\t\t\t<div class=\"elementor-widget-container\">\n\t\t\t\t\t\t\t\t\t<div class=\"elementor-button-wrapper\">\n\t\t\t\t\t<a class=\"elementor-button elementor-button-link elementor-size-sm\" href=\"https:\/\/neuroid.uprrp.edu\/index.php\/omaris-y-de-pablo-crespo-2023-2024\/\" target=\"_blank\">\n\t\t\t\t\t\t<span class=\"elementor-button-content-wrapper\">\n\t\t\t\t\t\t\t\t\t<span class=\"elementor-button-text\">Profile<\/span>\n\t\t\t\t\t<\/span>\n\t\t\t\t\t<\/a>\n\t\t\t\t<\/div>\n\t\t\t\t\t\t\t\t<\/div>\n\t\t\t\t<\/div>\n\t\t\t\t\t<\/div>\n\t\t<\/div>\n\t\t\t\t\t<\/div>\n\t\t<\/section>\n\t\t\t\t<section class=\"elementor-section elementor-top-section elementor-element elementor-element-fa355e4 elementor-section-boxed elementor-section-height-default elementor-section-height-default\" data-id=\"fa355e4\" data-element_type=\"section\">\n\t\t\t\t\t\t<div class=\"elementor-container elementor-column-gap-default\">\n\t\t\t\t\t<div class=\"elementor-column elementor-col-100 elementor-top-column elementor-element elementor-element-e95048c\" data-id=\"e95048c\" data-element_type=\"column\">\n\t\t\t<div class=\"elementor-widget-wrap elementor-element-populated\">\n\t\t\t\t\t\t<div class=\"elementor-element elementor-element-14a6e73 elementor-widget elementor-widget-spacer\" data-id=\"14a6e73\" data-element_type=\"widget\" data-widget_type=\"spacer.default\">\n\t\t\t\t<div class=\"elementor-widget-container\">\n\t\t\t\t\t\t\t<div class=\"elementor-spacer\">\n\t\t\t<div class=\"elementor-spacer-inner\"><\/div>\n\t\t<\/div>\n\t\t\t\t\t\t<\/div>\n\t\t\t\t<\/div>\n\t\t\t\t\t<\/div>\n\t\t<\/div>\n\t\t\t\t\t<\/div>\n\t\t<\/section>\n\t\t\t\t<section class=\"elementor-section elementor-top-section elementor-element elementor-element-e22ab01 elementor-section-boxed elementor-section-height-default elementor-section-height-default\" data-id=\"e22ab01\" data-element_type=\"section\">\n\t\t\t\t\t\t<div class=\"elementor-container elementor-column-gap-default\">\n\t\t\t\t\t<div class=\"elementor-column elementor-col-100 elementor-top-column elementor-element elementor-element-eda8020\" data-id=\"eda8020\" data-element_type=\"column\">\n\t\t\t<div class=\"elementor-widget-wrap\">\n\t\t\t\t\t\t\t<\/div>\n\t\t<\/div>\n\t\t\t\t\t<\/div>\n\t\t<\/section>\n\t\t\t\t<\/div>\n\t\t","protected":false},"excerpt":{"rendered":"<p>Alejandro I. Due\u00f1o-Sosa Profile Ang\u00e9lica S. Cruz-Calder\u00f3n Profile Daniela Uma\u00f1a-Rodr\u00edguez Profile Fabiana Z. Rosado-Rodr\u00edguez Profile Giancarlo Tirado-Acevedo Profile Hector Gabriel Haddock-Mart\u00ednez Profile Luz B. Rivera-Agosto Profile Omaris Y. De Pablo-Crespo Profile<\/p>\n","protected":false},"author":2,"featured_media":0,"parent":0,"menu_order":0,"comment_status":"closed","ping_status":"closed","template":"","meta":{"footnotes":""},"class_list":["post-9513","page","type-page","status-publish","hentry"],"rttpg_featured_image_url":null,"rttpg_author":{"display_name":"NeuroID Program","author_link":"https:\/\/neuroid.uprrp.edu\/index.php\/author\/neuroid\/"},"rttpg_comment":0,"rttpg_category":null,"rttpg_excerpt":"Alejandro I. Due\u00f1o-Sosa Profile Ang\u00e9lica S. Cruz-Calder\u00f3n Profile Daniela Uma\u00f1a-Rodr\u00edguez Profile Fabiana Z. Rosado-Rodr\u00edguez Profile Giancarlo Tirado-Acevedo Profile Hector Gabriel Haddock-Mart\u00ednez Profile Luz B. Rivera-Agosto Profile Omaris Y. De Pablo-Crespo Profile","_links":{"self":[{"href":"https:\/\/neuroid.uprrp.edu\/index.php\/wp-json\/wp\/v2\/pages\/9513","targetHints":{"allow":["GET"]}}],"collection":[{"href":"https:\/\/neuroid.uprrp.edu\/index.php\/wp-json\/wp\/v2\/pages"}],"about":[{"href":"https:\/\/neuroid.uprrp.edu\/index.php\/wp-json\/wp\/v2\/types\/page"}],"author":[{"embeddable":true,"href":"https:\/\/neuroid.uprrp.edu\/index.php\/wp-json\/wp\/v2\/users\/2"}],"replies":[{"embeddable":true,"href":"https:\/\/neuroid.uprrp.edu\/index.php\/wp-json\/wp\/v2\/comments?post=9513"}],"version-history":[{"count":50,"href":"https:\/\/neuroid.uprrp.edu\/index.php\/wp-json\/wp\/v2\/pages\/9513\/revisions"}],"predecessor-version":[{"id":10282,"href":"https:\/\/neuroid.uprrp.edu\/index.php\/wp-json\/wp\/v2\/pages\/9513\/revisions\/10282"}],"wp:attachment":[{"href":"https:\/\/neuroid.uprrp.edu\/index.php\/wp-json\/wp\/v2\/media?parent=9513"}],"curies":[{"name":"wp","href":"https:\/\/api.w.org\/{rel}","templated":true}]}}